Last updated on 2023-12-07 16:49:43 CET.
Flavor | Version | Tinstall | Tcheck | Ttotal | Status | Flags |
---|---|---|---|---|---|---|
r-devel-linux-x86_64-debian-clang | 0.8.2 | 1.81 | 24.83 | 26.64 | NOTE | |
r-devel-linux-x86_64-debian-gcc | 0.8.2 | 1.74 | 19.58 | 21.32 | NOTE | |
r-devel-linux-x86_64-fedora-clang | 0.8.2 | 34.40 | NOTE | |||
r-devel-linux-x86_64-fedora-gcc | 0.8.2 | 251.08 | NOTE | |||
r-devel-windows-x86_64 | 0.8.2 | 3.00 | 42.00 | 45.00 | NOTE | |
r-patched-linux-x86_64 | 0.8.2 | 2.04 | 25.15 | 27.19 | OK | |
r-release-linux-x86_64 | 0.8.2 | 1.82 | 24.29 | 26.11 | OK | |
r-release-macos-arm64 | 0.8.2 | 160.00 | OK | |||
r-release-macos-x86_64 | 0.8.2 | 747.00 | OK | |||
r-release-windows-x86_64 | 0.8.2 | 4.00 | 47.00 | 51.00 | OK | |
r-oldrel-macos-arm64 | 0.8.2 | 239.00 | OK | |||
r-oldrel-macos-x86_64 | 0.8.2 | 347.00 | OK | |||
r-oldrel-windows-x86_64 | 0.8.2 | 4.00 | 46.00 | 50.00 | OK |
Version: 0.8.2
Check: Rd contents
Result: NOTE
Auto-generated content requiring editing in Rd file 'RDocumentation-package.Rd':
\details: ‘...o use the package, including the most important functions ~~’
Flavors: r-devel-linux-x86_64-debian-clang, r-devel-linux-x86_64-debian-gcc, r-devel-linux-x86_64-fedora-clang, r-devel-linux-x86_64-fedora-gcc, r-devel-windows-x86_64