CRAN Package Check Results for Package REPPlabShiny

Last updated on 2021-09-25 04:57:48 CEST.

Flavor Version Tinstall Tcheck Ttotal Status Flags
r-devel-linux-x86_64-debian-clang 0.4.1 5.60 49.23 54.83 NOTE
r-devel-linux-x86_64-debian-gcc 0.4.1 4.35 38.13 42.48 NOTE
r-devel-linux-x86_64-fedora-clang 0.4.1 74.83 NOTE
r-devel-linux-x86_64-fedora-gcc 0.4.1 63.10 NOTE
r-devel-windows-x86_64 0.4.1 7.00 53.00 60.00 NOTE
r-devel-windows-x86_64-gcc10-UCRT 0.4.1 NOTE
r-patched-linux-x86_64 0.4.1 4.85 46.82 51.67 NOTE
r-patched-solaris-x86 0.4.1 100.50 NOTE
r-release-linux-x86_64 0.4.1 5.20 47.41 52.61 NOTE
r-release-macos-arm64 0.4.1 NOTE
r-release-macos-x86_64 0.4.1 NOTE
r-release-windows-ix86+x86_64 0.4.1 13.00 69.00 82.00 NOTE
r-oldrel-macos-x86_64 0.4.1 OK
r-oldrel-windows-ix86+x86_64 0.4.1 12.00 57.00 69.00 OK

Check Details

Version: 0.4.1
Check: LazyData
Result: NOTE
     'LazyData' is specified without a 'data' directory
Flavors: r-devel-linux-x86_64-debian-clang, r-devel-linux-x86_64-debian-gcc, r-devel-linux-x86_64-fedora-clang, r-devel-linux-x86_64-fedora-gcc, r-devel-windows-x86_64, r-devel-windows-x86_64-gcc10-UCRT, r-patched-linux-x86_64, r-patched-solaris-x86, r-release-linux-x86_64, r-release-macos-arm64, r-release-macos-x86_64, r-release-windows-ix86+x86_64