CRAN Package Check Results for Package RESI

Last updated on 2024-07-19 00:53:28 CEST.

Flavor Version Tinstall Tcheck Ttotal Status Flags
r-devel-linux-x86_64-debian-clang 1.2.4 10.79 403.17 413.96 OK
r-devel-linux-x86_64-debian-gcc 1.2.4 8.06 304.57 312.63 OK
r-devel-linux-x86_64-fedora-clang 1.2.4 496.68 OK
r-devel-linux-x86_64-fedora-gcc 1.2.4 523.95 OK
r-devel-windows-x86_64 1.2.4 10.00 352.00 362.00 NOTE
r-patched-linux-x86_64 1.2.4 18.20 393.35 411.55 OK
r-release-linux-x86_64 1.2.4 8.25 389.31 397.56 OK
r-release-macos-arm64 1.2.4 155.00 OK
r-release-macos-x86_64 1.2.4 292.00 OK
r-release-windows-x86_64 1.2.4 9.00 339.00 348.00 OK
r-oldrel-macos-arm64 1.2.4 130.00 OK
r-oldrel-macos-x86_64 1.2.4 246.00 OK
r-oldrel-windows-x86_64 1.2.4 11.00 432.00 443.00 OK

Check Details

Version: 1.2.4
Check: Rd cross-references
Result: NOTE Found the following Rd file(s) with Rd \link{} targets missing package anchors: resi.Rd: boot, vcovHC Please provide package anchors for all Rd \link{} targets not in the package itself and the base packages. Flavor: r-devel-windows-x86_64