CRAN Package Check Results for Package REddyProcNCDF

Last updated on 2022-01-20 16:51:30 CET.

Flavor Version Tinstall Tcheck Ttotal Status Flags
r-devel-linux-x86_64-debian-clang 1.1.4 NOTE
r-devel-linux-x86_64-debian-gcc 1.1.4 5.17 52.65 57.82 NOTE
r-devel-linux-x86_64-fedora-clang 1.1.4 93.34 NOTE
r-devel-linux-x86_64-fedora-gcc 1.1.4 79.42 NOTE
r-devel-windows-x86_64-new-UL 1.1.4 39.00 91.00 130.00 NOTE
r-devel-windows-x86_64-new-TK 1.1.4 NOTE
r-patched-linux-x86_64 1.1.4 6.40 65.99 72.39 NOTE
r-release-linux-x86_64 1.1.4 4.49 65.36 69.85 NOTE
r-release-macos-arm64 1.1.4 NOTE
r-release-macos-x86_64 1.1.4 NOTE
r-release-windows-ix86+x86_64 1.1.4 17.00 78.00 95.00 NOTE
r-oldrel-macos-x86_64 1.1.4 OK
r-oldrel-windows-ix86+x86_64 1.1.4 17.00 81.00 98.00 OK

Check Details

Version: 1.1.4
Check: LazyData
Result: NOTE
     'LazyData' is specified without a 'data' directory
Flavors: r-devel-linux-x86_64-debian-clang, r-devel-linux-x86_64-debian-gcc, r-devel-linux-x86_64-fedora-clang, r-devel-linux-x86_64-fedora-gcc, r-devel-windows-x86_64-new-UL, r-devel-windows-x86_64-new-TK, r-patched-linux-x86_64, r-release-linux-x86_64, r-release-macos-arm64, r-release-macos-x86_64, r-release-windows-ix86+x86_64