CRAN Package Check Results for Package RFormatter

Last updated on 2024-07-23 16:49:15 CEST.

Flavor Version Tinstall Tcheck Ttotal Status Flags
r-devel-linux-x86_64-debian-clang 0.1.1 1.78 23.39 25.17 NOTE
r-devel-linux-x86_64-debian-gcc 0.1.1 1.65 17.88 19.53 NOTE
r-devel-linux-x86_64-fedora-clang 0.1.1 32.11 NOTE
r-devel-linux-x86_64-fedora-gcc 0.1.1 32.39 NOTE
r-devel-windows-x86_64 0.1.1 2.00 39.00 41.00 NOTE
r-patched-linux-x86_64 0.1.1 1.45 22.33 23.78 NOTE
r-release-linux-x86_64 0.1.1 1.86 21.59 23.45 NOTE
r-release-macos-arm64 0.1.1 15.00 NOTE
r-release-macos-x86_64 0.1.1 21.00 NOTE
r-release-windows-x86_64 0.1.1 2.00 39.00 41.00 NOTE
r-oldrel-macos-arm64 0.1.1 14.00 NOTE
r-oldrel-macos-x86_64 0.1.1 20.00 NOTE
r-oldrel-windows-x86_64 0.1.1 2.00 42.00 44.00 NOTE

Check Details

Version: 0.1.1
Check: LazyData
Result: NOTE 'LazyData' is specified without a 'data' directory Flavors: r-devel-linux-x86_64-debian-clang, r-devel-linux-x86_64-debian-gcc, r-devel-linux-x86_64-fedora-clang, r-devel-linux-x86_64-fedora-gcc, r-devel-windows-x86_64, r-patched-linux-x86_64, r-release-linux-x86_64, r-release-macos-arm64, r-release-macos-x86_64, r-release-windows-x86_64, r-oldrel-macos-arm64, r-oldrel-macos-x86_64, r-oldrel-windows-x86_64