CRAN Package Check Results for Package RGraphics

Last updated on 2022-09-28 00:52:52 CEST.

Flavor Version Tinstall Tcheck Ttotal Status Flags
r-devel-linux-x86_64-debian-clang 3.0-2 14.61 97.44 112.05 OK
r-devel-linux-x86_64-debian-gcc 3.0-2 11.71 70.32 82.03 OK
r-devel-linux-x86_64-fedora-clang 3.0-2 146.65 OK
r-devel-linux-x86_64-fedora-gcc 3.0-2 145.35 OK
r-devel-windows-x86_64 3.0-2 20.00 116.00 136.00 OK
r-patched-linux-x86_64 3.0-2 12.10 91.14 103.24 OK
r-release-linux-x86_64 3.0-2 12.30 89.21 101.51 OK
r-release-macos-arm64 3.0-2 32.00 OK
r-release-macos-x86_64 3.0-2 66.00 OK
r-release-windows-x86_64 3.0-2 61.00 117.00 178.00 OK
r-oldrel-macos-arm64 3.0-2 44.00 NOTE
r-oldrel-macos-x86_64 3.0-2 59.00 OK
r-oldrel-windows-ix86+x86_64 3.0-2 27.00 111.00 138.00 OK

Check Details

Version: 3.0-2
Check: package dependencies
Result: NOTE
    Packages suggested but not available for checking: 'showtext', 'sysfonts'
Flavor: r-oldrel-macos-arm64