Last updated on 2024-04-19 01:04:51 CEST.
Flavor | Version | Tinstall | Tcheck | Ttotal | Status | Flags |
---|---|---|---|---|---|---|
r-devel-linux-x86_64-debian-clang | 0.9.1 | 2.51 | 45.22 | 47.73 | NOTE | |
r-devel-linux-x86_64-debian-gcc | 0.9.1 | 2.72 | 34.34 | 37.06 | NOTE | |
r-devel-linux-x86_64-fedora-clang | 0.9.1 | 62.15 | NOTE | |||
r-devel-linux-x86_64-fedora-gcc | 0.9.1 | 71.30 | NOTE | |||
r-prerel-macos-arm64 | 0.9.1 | 30.00 | NOTE | |||
r-prerel-windows-x86_64 | 0.9.1 | 5.00 | 61.00 | 66.00 | NOTE | |
r-patched-linux-x86_64 | 0.9.1 | 4.04 | 44.25 | 48.29 | NOTE | |
r-release-linux-x86_64 | 0.9.1 | 3.00 | 41.85 | 44.85 | OK | |
r-release-macos-arm64 | 0.9.1 | 38.00 | OK | |||
r-release-macos-x86_64 | 0.9.1 | 75.00 | OK | |||
r-release-windows-x86_64 | 0.9.1 | 5.00 | 65.00 | 70.00 | OK | |
r-oldrel-macos-arm64 | 0.9.1 | 34.00 | OK | |||
r-oldrel-windows-x86_64 | 0.9.1 | 6.00 | 65.00 | 71.00 | OK |
Version: 0.9.1
Check: Rd files
Result: NOTE
checkRd: (-1) code_sawtooth_design.Rd:53: Lost braces
53 | /url{http://www.sawtoothsoftware.com/help/lighthouse-studio/manual/index.html?hid_web_cbc_exporting.html}
| ^
Flavors: r-devel-linux-x86_64-debian-clang, r-devel-linux-x86_64-debian-gcc, r-devel-linux-x86_64-fedora-clang, r-devel-linux-x86_64-fedora-gcc, r-prerel-macos-arm64, r-prerel-windows-x86_64, r-patched-linux-x86_64