Last updated on 2023-06-02 18:52:54 CEST.
Flavor | Version | Tinstall | Tcheck | Ttotal | Status | Flags |
---|---|---|---|---|---|---|
r-devel-linux-x86_64-debian-clang | 0.2.4 | 5.28 | 47.16 | 52.44 | OK | |
r-devel-linux-x86_64-debian-gcc | 0.2.4 | 5.52 | 36.46 | 41.98 | OK | |
r-devel-linux-x86_64-fedora-clang | 0.2.4 | 67.69 | NOTE | |||
r-devel-linux-x86_64-fedora-gcc | 0.2.4 | 71.93 | OK | |||
r-devel-windows-x86_64 | 0.2.4 | 5.00 | 56.00 | 61.00 | OK | |
r-patched-linux-x86_64 | 0.2.4 | OK | ||||
r-release-linux-x86_64 | 0.2.4 | 6.25 | 46.15 | 52.40 | OK | |
r-release-macos-arm64 | 0.2.4 | 21.00 | OK | |||
r-release-macos-x86_64 | 0.2.4 | 38.00 | OK | |||
r-release-windows-x86_64 | 0.2.4 | 6.00 | 60.00 | 66.00 | OK | |
r-oldrel-macos-arm64 | 0.2.4 | 20.00 | OK | |||
r-oldrel-macos-x86_64 | 0.2.4 | 33.00 | OK | |||
r-oldrel-windows-x86_64 | 0.2.4 | 9.00 | 65.00 | 74.00 | OK |
Version: 0.2.4
Check: Rd cross-references
Result: NOTE
Undeclared package ‘DBI’ in Rd xrefs
Flavor: r-devel-linux-x86_64-fedora-clang