Last updated on 2024-03-28 15:49:59 CET.
Flavor | Version | Tinstall | Tcheck | Ttotal | Status | Flags |
---|---|---|---|---|---|---|
r-devel-linux-x86_64-debian-clang | 1.4 | 23.57 | 34.10 | 57.67 | OK | |
r-devel-linux-x86_64-debian-gcc | 1.4 | 15.73 | 27.28 | 43.01 | OK | |
r-devel-linux-x86_64-fedora-clang | 1.4 | 78.95 | NOTE | |||
r-devel-linux-x86_64-fedora-gcc | 1.4 | 77.03 | NOTE | |||
r-devel-windows-x86_64 | 1.4 | 18.00 | 76.00 | 94.00 | OK | |
r-patched-linux-x86_64 | 1.4 | 22.49 | 34.74 | 57.23 | OK | |
r-release-linux-x86_64 | 1.4 | 22.52 | 34.98 | 57.50 | OK | |
r-release-macos-arm64 | 1.4 | 30.00 | OK | |||
r-release-macos-x86_64 | 1.4 | 60.00 | OK | |||
r-release-windows-x86_64 | 1.4 | 17.00 | 83.00 | 100.00 | OK | |
r-oldrel-macos-arm64 | 1.4 | 32.00 | OK | |||
r-oldrel-windows-x86_64 | 1.4 | 22.00 | 75.00 | 97.00 | OK |
Version: 1.4
Check: compiled code
Result: NOTE
File ‘RI2by2/libs/RI2by2.so’:
Found no calls to: ‘R_registerRoutines’, ‘R_useDynamicSymbols’
It is good practice to register native routines and to disable symbol
search.
See ‘Writing portable packages’ in the ‘Writing R Extensions’ manual.
Flavors: r-devel-linux-x86_64-fedora-clang, r-devel-linux-x86_64-fedora-gcc