Last updated on 2023-10-03 01:05:02 CEST.
Flavor | Version | Tinstall | Tcheck | Ttotal | Status | Flags |
---|---|---|---|---|---|---|
r-devel-linux-x86_64-debian-clang | 2.3.0 | 8.97 | 49.73 | 58.70 | OK | |
r-devel-linux-x86_64-debian-gcc | 2.3.0 | 6.47 | 37.69 | 44.16 | OK | |
r-devel-linux-x86_64-fedora-clang | 2.3.0 | 72.98 | NOTE | |||
r-devel-linux-x86_64-fedora-gcc | 2.3.0 | 68.77 | NOTE | |||
r-devel-windows-x86_64 | 2.3.0 | 8.00 | 82.00 | 90.00 | OK | |
r-patched-linux-x86_64 | 2.3.0 | 8.90 | 47.91 | 56.81 | OK | |
r-release-linux-x86_64 | 2.3.0 | 8.12 | 47.99 | 56.11 | OK | |
r-release-macos-arm64 | 2.3.0 | 26.00 | OK | |||
r-release-macos-x86_64 | 2.3.0 | 34.00 | OK | |||
r-release-windows-x86_64 | 2.3.0 | 11.00 | 91.00 | 102.00 | OK | |
r-oldrel-macos-arm64 | 2.3.0 | 24.00 | NOTE | |||
r-oldrel-macos-x86_64 | 2.3.0 | 34.00 | NOTE | |||
r-oldrel-windows-x86_64 | 2.3.0 | 14.00 | 89.00 | 103.00 | OK |
Version: 2.3.0
Check: dependencies in R code
Result: NOTE
Namespace in Imports field not imported from: ‘httr’
All declared Imports should be used.
Flavors: r-devel-linux-x86_64-fedora-clang, r-devel-linux-x86_64-fedora-gcc, r-oldrel-macos-arm64, r-oldrel-macos-x86_64
Version: 2.3.0
Check: data for non-ASCII characters
Result: NOTE
Note: found 243 marked UTF-8 strings
Flavors: r-devel-linux-x86_64-fedora-clang, r-devel-linux-x86_64-fedora-gcc, r-oldrel-macos-arm64, r-oldrel-macos-x86_64