CRAN Package Check Results for Package RISmed

Last updated on 2021-11-30 20:49:28 CET.

Flavor Version Tinstall Tcheck Ttotal Status Flags
r-devel-linux-x86_64-debian-clang 2.3.0 7.03 40.90 47.93 OK
r-devel-linux-x86_64-debian-gcc 2.3.0 6.58 31.92 38.50 OK
r-devel-linux-x86_64-fedora-clang 2.3.0 71.15 NOTE
r-devel-linux-x86_64-fedora-gcc 2.3.0 60.32 NOTE
r-devel-windows-x86_64-new-UL 2.3.0 38.00 91.00 129.00 OK
r-devel-windows-x86_64-new-TK 2.3.0 NOTE
r-devel-windows-x86_64-old 2.3.0 16.00 53.00 69.00 OK
r-patched-linux-x86_64 2.3.0 10.34 39.59 49.93 OK
r-patched-solaris-x86 2.3.0 80.80 NOTE
r-release-linux-x86_64 2.3.0 6.04 40.16 46.20 OK
r-release-macos-arm64 2.3.0 NOTE
r-release-macos-x86_64 2.3.0 NOTE
r-release-windows-ix86+x86_64 2.3.0 18.00 54.00 72.00 OK
r-oldrel-macos-x86_64 2.3.0 NOTE
r-oldrel-windows-ix86+x86_64 2.3.0 16.00 58.00 74.00 OK

Check Details

Version: 2.3.0
Check: dependencies in R code
Result: NOTE
    Namespace in Imports field not imported from: ‘httr’
     All declared Imports should be used.
Flavors: r-devel-linux-x86_64-fedora-clang, r-devel-linux-x86_64-fedora-gcc, r-devel-windows-x86_64-new-TK, r-patched-solaris-x86, r-release-macos-arm64, r-release-macos-x86_64, r-oldrel-macos-x86_64

Version: 2.3.0
Check: data for non-ASCII characters
Result: NOTE
     Note: found 243 marked UTF-8 strings
Flavors: r-devel-linux-x86_64-fedora-clang, r-devel-linux-x86_64-fedora-gcc, r-devel-windows-x86_64-new-TK, r-patched-solaris-x86, r-release-macos-arm64, r-release-macos-x86_64, r-oldrel-macos-x86_64