Last updated on 2024-04-20 08:51:08 CEST.
Flavor | Version | Tinstall | Tcheck | Ttotal | Status | Flags |
---|---|---|---|---|---|---|
r-devel-linux-x86_64-debian-clang | 2.3.0 | 9.94 | 48.76 | 58.70 | OK | |
r-devel-linux-x86_64-debian-gcc | 2.3.0 | 5.59 | 37.56 | 43.15 | OK | |
r-devel-linux-x86_64-fedora-clang | 2.3.0 | 72.74 | NOTE | |||
r-devel-linux-x86_64-fedora-gcc | 2.3.0 | 69.07 | NOTE | |||
r-prerel-macos-arm64 | 2.3.0 | 25.00 | OK | |||
r-prerel-windows-x86_64 | 2.3.0 | 11.00 | 81.00 | 92.00 | OK | |
r-patched-linux-x86_64 | 2.3.0 | 8.79 | 47.17 | 55.96 | OK | |
r-release-linux-x86_64 | 2.3.0 | 7.73 | 47.62 | 55.35 | OK | |
r-release-macos-arm64 | 2.3.0 | 26.00 | OK | |||
r-release-macos-x86_64 | 2.3.0 | 34.00 | OK | |||
r-release-windows-x86_64 | 2.3.0 | 11.00 | 89.00 | 100.00 | OK | |
r-oldrel-macos-arm64 | 2.3.0 | 24.00 | NOTE | |||
r-oldrel-windows-x86_64 | 2.3.0 | 13.00 | 93.00 | 106.00 | OK |
Version: 2.3.0
Check: dependencies in R code
Result: NOTE
Namespace in Imports field not imported from: ‘httr’
All declared Imports should be used.
Flavors: r-devel-linux-x86_64-fedora-clang, r-devel-linux-x86_64-fedora-gcc, r-oldrel-macos-arm64
Version: 2.3.0
Check: data for non-ASCII characters
Result: NOTE
Note: found 243 marked UTF-8 strings
Flavors: r-devel-linux-x86_64-fedora-clang, r-devel-linux-x86_64-fedora-gcc, r-oldrel-macos-arm64