CRAN Package Check Results for Package RImagePalette

Last updated on 2024-07-15 16:56:32 CEST.

Flavor Version Tinstall Tcheck Ttotal Status Flags
r-devel-linux-x86_64-debian-clang 0.1.1 6.11 48.36 54.47 NOTE
r-devel-linux-x86_64-debian-gcc 0.1.1 3.75 36.22 39.97 NOTE
r-devel-linux-x86_64-fedora-clang 0.1.1 65.29 NOTE
r-devel-linux-x86_64-fedora-gcc 0.1.1 67.48 NOTE
r-devel-windows-x86_64 0.1.1 7.00 56.00 63.00 NOTE
r-patched-linux-x86_64 0.1.1 5.63 44.89 50.52 NOTE
r-release-linux-x86_64 0.1.1 4.76 45.64 50.40 NOTE
r-release-macos-arm64 0.1.1 24.00 NOTE
r-release-macos-x86_64 0.1.1 41.00 NOTE
r-release-windows-x86_64 0.1.1 6.00 56.00 62.00 NOTE
r-oldrel-macos-arm64 0.1.1 24.00 NOTE
r-oldrel-macos-x86_64 0.1.1 37.00 NOTE
r-oldrel-windows-x86_64 0.1.1 8.00 61.00 69.00 NOTE

Check Details

Version: 0.1.1
Check: LazyData
Result: NOTE 'LazyData' is specified without a 'data' directory Flavors: r-devel-linux-x86_64-debian-clang, r-devel-linux-x86_64-debian-gcc, r-devel-linux-x86_64-fedora-clang, r-devel-linux-x86_64-fedora-gcc, r-devel-windows-x86_64, r-patched-linux-x86_64, r-release-linux-x86_64, r-release-macos-arm64, r-release-macos-x86_64, r-release-windows-x86_64, r-oldrel-macos-arm64, r-oldrel-macos-x86_64, r-oldrel-windows-x86_64