Last updated on 2024-03-28 23:55:18 CET.
Flavor | Version | Tinstall | Tcheck | Ttotal | Status | Flags |
---|---|---|---|---|---|---|
r-devel-linux-x86_64-debian-clang | 0.1.9 | 187.06 | 54.18 | 241.24 | NOTE | |
r-devel-linux-x86_64-debian-gcc | 0.1.9 | 138.41 | 40.60 | 179.01 | NOTE | |
r-devel-linux-x86_64-fedora-clang | 0.1.9 | 368.61 | NOTE | |||
r-devel-linux-x86_64-fedora-gcc | 0.1.9 | 356.57 | NOTE | |||
r-devel-windows-x86_64 | 0.1.9 | 141.00 | 93.00 | 234.00 | NOTE | |
r-patched-linux-x86_64 | 0.1.9 | 185.07 | 51.80 | 236.87 | NOTE | |
r-release-linux-x86_64 | 0.1.9 | 186.48 | 49.01 | 235.49 | NOTE | |
r-release-macos-arm64 | 0.1.9 | 83.00 | NOTE | |||
r-release-macos-x86_64 | 0.1.9 | 141.00 | NOTE | |||
r-release-windows-x86_64 | 0.1.9 | 170.00 | 107.00 | 277.00 | NOTE | |
r-oldrel-macos-arm64 | 0.1.9 | 69.00 | OK | |||
r-oldrel-windows-x86_64 | 0.1.9 | 172.00 | 98.00 | 270.00 | OK |
Version: 0.1.9
Check: C++ specification
Result: NOTE
Specified C++11: please drop specification unless essential
Flavors: r-devel-linux-x86_64-debian-clang, r-devel-linux-x86_64-debian-gcc, r-devel-linux-x86_64-fedora-clang, r-devel-linux-x86_64-fedora-gcc, r-devel-windows-x86_64, r-patched-linux-x86_64, r-release-linux-x86_64, r-release-macos-arm64, r-release-macos-x86_64, r-release-windows-x86_64