CRAN Package Check Results for Package RLumModel

Last updated on 2024-02-29 00:55:52 CET.

Flavor Version Tinstall Tcheck Ttotal Status Flags
r-devel-linux-x86_64-debian-clang 0.2.10 47.30 62.01 109.31 NOTE
r-devel-linux-x86_64-debian-gcc 0.2.10 39.68 45.70 85.38 NOTE
r-devel-linux-x86_64-fedora-clang 0.2.10 153.84 NOTE
r-devel-linux-x86_64-fedora-gcc 0.2.10 157.51 NOTE
r-devel-windows-x86_64 0.2.10 39.00 88.00 127.00 NOTE
r-patched-linux-x86_64 0.2.10 43.91 59.44 103.35 NOTE
r-release-linux-x86_64 0.2.10 35.88 60.26 96.14 NOTE
r-release-macos-arm64 0.2.10 47.00 NOTE
r-release-macos-x86_64 0.2.10 76.00 NOTE
r-release-windows-x86_64 0.2.10 50.00 97.00 147.00 NOTE
r-oldrel-macos-arm64 0.2.10 39.00 OK
r-oldrel-windows-x86_64 0.2.10 49.00 107.00 156.00 OK

Check Details

Version: 0.2.10
Check: C++ specification
Result: NOTE Specified C++11: please drop specification unless essential Flavors: r-devel-linux-x86_64-debian-clang, r-devel-linux-x86_64-debian-gcc, r-devel-linux-x86_64-fedora-clang, r-devel-linux-x86_64-fedora-gcc, r-devel-windows-x86_64, r-patched-linux-x86_64, r-release-linux-x86_64, r-release-macos-arm64, r-release-macos-x86_64, r-release-windows-x86_64