Last updated on 2023-05-28 23:14:08 CEST.
Flavor | Version | Tinstall | Tcheck | Ttotal | Status | Flags |
---|---|---|---|---|---|---|
r-devel-linux-x86_64-debian-clang | 0.2.10 | 48.11 | 59.87 | 107.98 | NOTE | |
r-devel-linux-x86_64-debian-gcc | 0.2.10 | 35.87 | 44.63 | 80.50 | NOTE | |
r-devel-linux-x86_64-fedora-clang | 0.2.10 | 153.39 | NOTE | |||
r-devel-linux-x86_64-fedora-gcc | 0.2.10 | 167.61 | NOTE | |||
r-devel-windows-x86_64 | 0.2.10 | 40.00 | 92.00 | 132.00 | NOTE | |
r-patched-linux-x86_64 | 0.2.10 | 40.03 | 55.92 | 95.95 | NOTE | |
r-release-linux-x86_64 | 0.2.10 | 29.71 | 56.38 | 86.09 | NOTE | |
r-release-macos-arm64 | 0.2.10 | 47.00 | NOTE | |||
r-release-macos-x86_64 | 0.2.10 | 76.00 | NOTE | |||
r-release-windows-x86_64 | 0.2.10 | 48.00 | 102.00 | 150.00 | NOTE | |
r-oldrel-macos-arm64 | 0.2.10 | 39.00 | OK | |||
r-oldrel-macos-x86_64 | 0.2.10 | 70.00 | OK | |||
r-oldrel-windows-x86_64 | 0.2.10 | 50.00 | 101.00 | 151.00 | OK |
Version: 0.2.10
Check: C++ specification
Result: NOTE
Specified C++11: please drop specification unless essential
Flavors: r-devel-linux-x86_64-debian-clang, r-devel-linux-x86_64-debian-gcc, r-devel-linux-x86_64-fedora-clang, r-devel-linux-x86_64-fedora-gcc, r-devel-windows-x86_64, r-patched-linux-x86_64, r-release-linux-x86_64, r-release-macos-arm64, r-release-macos-x86_64, r-release-windows-x86_64