Last updated on 2024-03-28 23:55:18 CET.
Flavor | Version | Tinstall | Tcheck | Ttotal | Status | Flags |
---|---|---|---|---|---|---|
r-devel-linux-x86_64-debian-clang | 1.3.7 | 6.98 | 63.55 | 70.53 | NOTE | |
r-devel-linux-x86_64-debian-gcc | 1.3.7 | 5.44 | 48.61 | 54.05 | NOTE | |
r-devel-linux-x86_64-fedora-clang | 1.3.7 | 92.70 | NOTE | |||
r-devel-linux-x86_64-fedora-gcc | 1.3.7 | 92.82 | NOTE | |||
r-devel-windows-x86_64 | 1.3.7 | 7.00 | 80.00 | 87.00 | NOTE | |
r-patched-linux-x86_64 | 1.3.7 | 10.88 | 60.48 | 71.36 | NOTE | |
r-release-linux-x86_64 | 1.3.7 | 5.02 | 60.01 | 65.03 | OK | |
r-release-macos-arm64 | 1.3.7 | 33.00 | OK | |||
r-release-macos-x86_64 | 1.3.7 | 51.00 | OK | |||
r-release-windows-x86_64 | 1.3.7 | 9.00 | 90.00 | 99.00 | OK | |
r-oldrel-macos-arm64 | 1.3.7 | 32.00 | OK | |||
r-oldrel-windows-x86_64 | 1.3.7 | 10.00 | 83.00 | 93.00 | OK |
Version: 1.3.7
Check: Rd files
Result: NOTE
checkRd: (-1) ComprehensiveTemperatureGenerator.Rd:68: Lost braces; missing escapes or markup?
68 | \item{exogen_all}{data frame containing exogenous variable formatted like \code{Tx_all} and {Tn_all}. Default is \code{NULL}.
| ^
checkRd: (-1) qqplot_RMAWGEN_Tx.Rd:70: Lost braces; missing escapes or markup?
70 | \code{Tx_gen},{Tn_gen} and \code{main} must have an even number of elements.
| ^
Flavors: r-devel-linux-x86_64-debian-clang, r-devel-linux-x86_64-debian-gcc, r-devel-linux-x86_64-fedora-clang, r-devel-linux-x86_64-fedora-gcc, r-devel-windows-x86_64, r-patched-linux-x86_64