Last updated on 2024-04-23 01:06:29 CEST.
Flavor | Version | Tinstall | Tcheck | Ttotal | Status | Flags |
---|---|---|---|---|---|---|
r-devel-linux-x86_64-debian-clang | 1.3.1 | 52.25 | 56.06 | 108.31 | OK | |
r-devel-linux-x86_64-debian-gcc | 1.3.1 | 40.08 | 41.18 | 81.26 | OK | |
r-devel-linux-x86_64-fedora-clang | 1.3.1 | 171.50 | NOTE | |||
r-devel-linux-x86_64-fedora-gcc | 1.3.1 | 151.63 | NOTE | |||
r-prerel-macos-arm64 | 1.3.1 | 42.00 | NOTE | |||
r-prerel-windows-x86_64 | 1.3.1 | 95.00 | 172.00 | 267.00 | OK | |
r-patched-linux-x86_64 | 1.3.1 | 47.46 | 53.65 | 101.11 | OK | |
r-release-linux-x86_64 | 1.3.1 | 47.86 | 54.33 | 102.19 | OK | |
r-release-macos-arm64 | 1.3.1 | 50.00 | NOTE | |||
r-release-macos-x86_64 | 1.3.1 | 75.00 | NOTE | |||
r-release-windows-x86_64 | 1.3.1 | 110.00 | 185.00 | 295.00 | OK | |
r-oldrel-macos-arm64 | 1.3.1 | 46.00 | NOTE | |||
r-oldrel-windows-x86_64 | 1.3.1 | 93.00 | 181.00 | 274.00 | OK |
Version: 1.3.1
Check: compiled code
Result: NOTE
File ‘RMariaDB/libs/RMariaDB.so’:
Found non-API calls to R: ‘SETLENGTH’, ‘SET_TRUELENGTH’
Compiled code should not call non-API entry points in R.
See ‘Writing portable packages’ in the ‘Writing R Extensions’ manual.
Flavors: r-devel-linux-x86_64-fedora-clang, r-devel-linux-x86_64-fedora-gcc
Version: 1.3.1
Check: installed package size
Result: NOTE
installed size is 5.3Mb
sub-directories of 1Mb or more:
libs 4.9Mb
Flavors: r-prerel-macos-arm64, r-release-macos-arm64, r-release-macos-x86_64, r-oldrel-macos-arm64