Last updated on 2024-03-28 15:49:59 CET.
Flavor | Version | Tinstall | Tcheck | Ttotal | Status | Flags |
---|---|---|---|---|---|---|
r-devel-linux-x86_64-debian-clang | 4.1.6 | 8.62 | 82.70 | 91.32 | NOTE | |
r-devel-linux-x86_64-debian-gcc | 4.1.6 | 7.50 | 61.45 | 68.95 | NOTE | |
r-devel-linux-x86_64-fedora-clang | 4.1.6 | 113.15 | NOTE | |||
r-devel-linux-x86_64-fedora-gcc | 4.1.6 | 108.98 | NOTE | |||
r-devel-windows-x86_64 | 4.1.6 | 9.00 | 89.00 | 98.00 | NOTE | |
r-patched-linux-x86_64 | 4.1.6 | 7.46 | 77.12 | 84.58 | NOTE | |
r-release-linux-x86_64 | 4.1.6 | 5.74 | 80.13 | 85.87 | OK | |
r-release-macos-arm64 | 4.1.6 | 35.00 | OK | |||
r-release-macos-x86_64 | 4.1.6 | 82.00 | OK | |||
r-release-windows-x86_64 | 4.1.6 | 11.00 | 103.00 | 114.00 | OK | |
r-oldrel-macos-arm64 | 4.1.6 | 38.00 | OK | |||
r-oldrel-windows-x86_64 | 4.1.6 | 13.00 | 98.00 | 111.00 | OK |
Version: 4.1.6
Check: Rd files
Result: NOTE
checkRd: (-1) histMisclassif.Rd:22: Lost braces
22 | err_i = 1 - max_{k={1,\ldots,K}} P(Z_i=k|x_i)
| ^
checkRd: (-1) histMisclassif.Rd:22: Lost braces
22 | err_i = 1 - max_{k={1,\ldots,K}} P(Z_i=k|x_i)
| ^
Flavors: r-devel-linux-x86_64-debian-clang, r-devel-linux-x86_64-debian-gcc, r-devel-linux-x86_64-fedora-clang, r-devel-linux-x86_64-fedora-gcc, r-devel-windows-x86_64, r-patched-linux-x86_64