Last updated on 2024-04-23 08:58:15 CEST.
Flavor | Version | Tinstall | Tcheck | Ttotal | Status | Flags |
---|---|---|---|---|---|---|
r-devel-linux-x86_64-debian-clang | 0.1.4 | 0.63 | 2.47 | 3.10 | ERROR | |
r-devel-linux-x86_64-debian-gcc | 0.1.4 | 26.63 | 385.07 | 411.70 | OK | |
r-devel-linux-x86_64-fedora-clang | 0.1.4 | 727.84 | NOTE | |||
r-devel-linux-x86_64-fedora-gcc | 0.1.4 | 727.27 | OK | |||
r-prerel-macos-arm64 | 0.1.4 | 185.00 | NOTE | |||
r-prerel-macos-x86_64 | 0.1.4 | 393.00 | NOTE | |||
r-prerel-windows-x86_64 | 0.1.4 | 34.00 | 396.00 | 430.00 | NOTE | |
r-patched-linux-x86_64 | 0.1.4 | 36.64 | 514.75 | 551.39 | OK | |
r-release-linux-x86_64 | 0.1.4 | 39.98 | 522.16 | 562.14 | OK | |
r-release-macos-arm64 | 0.1.4 | 6.00 | ERROR | |||
r-release-macos-x86_64 | 0.1.4 | 334.00 | NOTE | |||
r-release-windows-x86_64 | 0.1.4 | 46.00 | 503.00 | 549.00 | NOTE | |
r-oldrel-macos-arm64 | 0.1.4 | 190.00 | NOTE | |||
r-oldrel-windows-x86_64 | 0.1.4 | 52.00 | 523.00 | 575.00 | NOTE |
Version: 0.1.4
Check: package dependencies
Result: ERROR
Packages required but not available:
'AnnotationHub', 'AnnotationFilter', 'ensembldb', 'DESeq2',
'SummarizedExperiment'
Packages suggested but not available for checking: 'recount3', 'apeglm'
See section ‘The DESCRIPTION file’ in the ‘Writing R Extensions’
manual.
Flavor: r-devel-linux-x86_64-debian-clang
Version: 0.1.4
Check: package dependencies
Result: NOTE
Imports includes 24 non-default packages.
Importing from so many packages makes the package vulnerable to any of
them becoming unavailable. Move as many as possible to Suggests and
use conditionally.
Flavor: r-devel-linux-x86_64-fedora-clang
Version: 0.1.4
Check: installed package size
Result: NOTE
installed size is 5.8Mb
sub-directories of 1Mb or more:
data 3.4Mb
doc 2.2Mb
Flavors: r-devel-linux-x86_64-fedora-clang, r-prerel-macos-arm64, r-prerel-macos-x86_64, r-prerel-windows-x86_64, r-release-macos-x86_64, r-release-windows-x86_64, r-oldrel-macos-arm64, r-oldrel-windows-x86_64
Version: 0.1.4
Check: package dependencies
Result: ERROR
Package required but not available: ‘AnnotationHub’
Package suggested but not available for checking: ‘recount3’
See section ‘The DESCRIPTION file’ in the ‘Writing R Extensions’
manual.
Flavor: r-release-macos-arm64
Version: 0.1.4
Check: package dependencies
Result: NOTE
Package suggested but not available for checking: ‘recount3’
Flavors: r-release-macos-x86_64, r-oldrel-macos-arm64