Last updated on 2024-05-02 16:48:33 CEST.
Flavor | Version | Tinstall | Tcheck | Ttotal | Status | Flags |
---|---|---|---|---|---|---|
r-devel-linux-x86_64-debian-clang | 1.1.0 | 13.45 | 117.42 | 130.87 | NOTE | |
r-devel-linux-x86_64-debian-gcc | 1.1.0 | 10.10 | 84.97 | 95.07 | NOTE | |
r-devel-linux-x86_64-fedora-clang | 1.1.0 | 164.31 | NOTE | |||
r-devel-linux-x86_64-fedora-gcc | 1.1.0 | 163.63 | NOTE | |||
r-devel-windows-x86_64 | 1.1.0 | 11.00 | 98.00 | 109.00 | NOTE | |
r-patched-linux-x86_64 | 1.1.0 | 10.45 | 109.20 | 119.65 | NOTE | |
r-release-linux-x86_64 | 1.1.0 | 12.29 | 109.05 | 121.34 | NOTE | |
r-release-macos-arm64 | 1.1.0 | 50.00 | NOTE | |||
r-release-windows-x86_64 | 1.1.0 | 11.00 | 99.00 | 110.00 | NOTE | |
r-oldrel-macos-arm64 | 1.1.0 | 50.00 | NOTE | |||
r-oldrel-macos-x86_64 | 1.1.0 | 83.00 | NOTE | |||
r-oldrel-windows-x86_64 | 1.1.0 | 15.00 | 119.00 | 134.00 | NOTE |
Version: 1.1.0
Check: LazyData
Result: NOTE
'LazyData' is specified without a 'data' directory
Flavors: r-devel-linux-x86_64-debian-clang, r-devel-linux-x86_64-debian-gcc, r-devel-linux-x86_64-fedora-clang, r-devel-linux-x86_64-fedora-gcc, r-devel-windows-x86_64, r-patched-linux-x86_64, r-release-linux-x86_64, r-release-macos-arm64, r-release-windows-x86_64, r-oldrel-macos-arm64, r-oldrel-macos-x86_64, r-oldrel-windows-x86_64