Last updated on 2024-03-28 15:49:59 CET.
Flavor | Version | Tinstall | Tcheck | Ttotal | Status | Flags |
---|---|---|---|---|---|---|
r-devel-linux-x86_64-debian-clang | 2.4.11 | 16.33 | 185.18 | 201.51 | NOTE | |
r-devel-linux-x86_64-debian-gcc | 2.4.11 | 17.95 | 137.28 | 155.23 | NOTE | |
r-devel-linux-x86_64-fedora-clang | 2.4.11 | 252.69 | NOTE | |||
r-devel-linux-x86_64-fedora-gcc | 2.4.11 | 257.46 | NOTE | |||
r-devel-windows-x86_64 | 2.4.11 | 19.00 | 142.00 | 161.00 | NOTE | |
r-patched-linux-x86_64 | 2.4.11 | 17.39 | 178.83 | 196.22 | NOTE | |
r-release-linux-x86_64 | 2.4.11 | 21.19 | 181.02 | 202.21 | OK | |
r-release-macos-arm64 | 2.4.11 | 82.00 | OK | |||
r-release-macos-x86_64 | 2.4.11 | 136.00 | OK | |||
r-release-windows-x86_64 | 2.4.11 | 23.00 | 187.00 | 210.00 | OK | |
r-oldrel-macos-arm64 | 2.4.11 | 64.00 | OK | |||
r-oldrel-windows-x86_64 | 2.4.11 | 30.00 | 188.00 | 218.00 | OK |
Version: 2.4.11
Check: Rd files
Result: NOTE
checkRd: (-1) nexml_get.Rd:30: Lost braces in \itemize; meant \describe ?
checkRd: (-1) nexml_get.Rd:31: Lost braces in \itemize; meant \describe ?
checkRd: (-1) nexml_get.Rd:32: Lost braces in \itemize; meant \describe ?
checkRd: (-1) nexml_get.Rd:33: Lost braces in \itemize; meant \describe ?
checkRd: (-1) nexml_get.Rd:34: Lost braces in \itemize; meant \describe ?
checkRd: (-1) nexml_get.Rd:35: Lost braces in \itemize; meant \describe ?
Flavors: r-devel-linux-x86_64-debian-clang, r-devel-linux-x86_64-debian-gcc, r-devel-linux-x86_64-fedora-clang, r-devel-linux-x86_64-fedora-gcc, r-devel-windows-x86_64, r-patched-linux-x86_64