Last updated on 2023-03-24 07:54:51 CET.
Flavor | Version | Tinstall | Tcheck | Ttotal | Status | Flags |
---|---|---|---|---|---|---|
r-devel-linux-x86_64-debian-clang | 2.6-2 | 21.74 | 44.21 | 65.95 | OK | |
r-devel-linux-x86_64-debian-gcc | 2.6-2 | 13.17 | 34.85 | 48.02 | OK | |
r-devel-linux-x86_64-fedora-clang | 2.6-2 | 86.05 | OK | |||
r-devel-linux-x86_64-fedora-gcc | 2.6-2 | 80.70 | OK | |||
r-devel-windows-x86_64 | 2.6-2 | 125.00 | 137.00 | 262.00 | NOTE | |
r-patched-linux-x86_64 | 2.6-2 | 15.25 | 42.82 | 58.07 | OK | |
r-release-linux-x86_64 | 2.6-2 | 14.31 | 42.92 | 57.23 | OK | |
r-release-macos-arm64 | 2.6-2 | 45.00 | NOTE | |||
r-release-macos-x86_64 | 2.6-2 | 52.00 | NOTE | |||
r-release-windows-x86_64 | 2.6-2 | 120.00 | 138.00 | 258.00 | NOTE | |
r-oldrel-macos-arm64 | 2.6-2 | 51.00 | NOTE | |||
r-oldrel-macos-x86_64 | 2.6-2 | 64.00 | NOTE | |||
r-oldrel-windows-ix86+x86_64 | 2.6-2 | 46.00 | 201.00 | 247.00 | NOTE |
Version: 2.6-2
Check: installed package size
Result: NOTE
installed size is 10.8Mb
sub-directories of 1Mb or more:
libs 10.4Mb
Flavors: r-devel-windows-x86_64, r-release-macos-arm64, r-release-macos-x86_64, r-release-windows-x86_64, r-oldrel-macos-arm64, r-oldrel-macos-x86_64, r-oldrel-windows-ix86+x86_64
Version: 2.6-2
Check: package dependencies
Result: NOTE
Package which this enhances but not available for checking: ‘pbdMPI’
Flavors: r-release-macos-arm64, r-release-macos-x86_64, r-oldrel-macos-arm64, r-oldrel-macos-x86_64
Version: 2.6-2
Check: Rd cross-references
Result: NOTE
Package unavailable to check Rd xrefs: ‘pbdMPI’
Flavors: r-release-macos-arm64, r-release-macos-x86_64, r-oldrel-macos-arm64, r-oldrel-macos-x86_64