CRAN Package Check Results for Package RNiftyReg

Last updated on 2024-06-17 00:50:10 CEST.

Flavor Version Tinstall Tcheck Ttotal Status Flags
r-devel-linux-x86_64-debian-clang 2.8.2 642.45 61.58 704.03 OK
r-devel-linux-x86_64-debian-gcc 2.8.2 433.63 56.63 490.26 NOTE
r-devel-linux-x86_64-fedora-clang 2.8.2 991.05 NOTE
r-devel-linux-x86_64-fedora-gcc 2.8.2 1137.55 OK
r-devel-windows-x86_64 2.8.2 450.00 107.00 557.00 NOTE
r-patched-linux-x86_64 2.8.2 536.67 71.21 607.88 OK
r-release-linux-x86_64 2.8.2 527.37 74.28 601.65 OK
r-release-macos-arm64 2.8.2 202.00 NOTE
r-release-macos-x86_64 2.8.2 249.00 NOTE
r-release-windows-x86_64 2.8.2 322.00 123.00 445.00 NOTE
r-oldrel-macos-arm64 2.8.2 207.00 NOTE
r-oldrel-macos-x86_64 2.8.2 308.00 NOTE
r-oldrel-windows-x86_64 2.8.2 583.00 121.00 704.00 NOTE

Check Details

Version: 2.8.2
Check: compiled code
Result: NOTE File ‘RNiftyReg/libs/RNiftyReg.so’: Found non-API call to R: ‘NAMED’ Compiled code should not call non-API entry points in R. See ‘Writing portable packages’ in the ‘Writing R Extensions’ manual. Flavors: r-devel-linux-x86_64-debian-gcc, r-devel-linux-x86_64-fedora-clang

Version: 2.8.2
Check: installed package size
Result: NOTE installed size is 5.5Mb sub-directories of 1Mb or more: extdata 2.0Mb libs 3.3Mb Flavors: r-devel-linux-x86_64-fedora-clang, r-devel-windows-x86_64, r-release-macos-arm64, r-release-macos-x86_64, r-release-windows-x86_64, r-oldrel-macos-arm64, r-oldrel-macos-x86_64, r-oldrel-windows-x86_64