Last updated on 2024-03-27 23:59:56 CET.
Flavor | Version | Tinstall | Tcheck | Ttotal | Status | Flags |
---|---|---|---|---|---|---|
r-devel-linux-x86_64-debian-clang | 2.8.1 | 569.95 | 55.37 | 625.32 | OK | |
r-devel-linux-x86_64-debian-gcc | 2.8.1 | 486.44 | 57.93 | 544.37 | OK | |
r-devel-linux-x86_64-fedora-clang | 2.8.1 | 955.20 | NOTE | |||
r-devel-linux-x86_64-fedora-gcc | 2.8.1 | 1039.45 | OK | |||
r-devel-windows-x86_64 | 2.8.1 | 444.00 | 107.00 | 551.00 | NOTE | |
r-patched-linux-x86_64 | 2.8.1 | 580.45 | 71.23 | 651.68 | OK | |
r-release-linux-x86_64 | 2.8.1 | 602.91 | 70.23 | 673.14 | OK | |
r-release-macos-arm64 | 2.8.1 | 146.00 | NOTE | |||
r-release-macos-x86_64 | 2.8.1 | 201.00 | NOTE | |||
r-release-windows-x86_64 | 2.8.1 | 596.00 | 116.00 | 712.00 | NOTE | |
r-oldrel-macos-arm64 | 2.8.1 | 149.00 | NOTE | |||
r-oldrel-windows-x86_64 | 2.8.1 | 556.00 | 104.00 | 660.00 | NOTE |
Version: 2.8.1
Check: installed package size
Result: NOTE
installed size is 5.5Mb
sub-directories of 1Mb or more:
extdata 2.0Mb
libs 3.3Mb
Flavors: r-devel-linux-x86_64-fedora-clang, r-devel-windows-x86_64, r-release-macos-arm64, r-release-macos-x86_64, r-release-windows-x86_64, r-oldrel-macos-arm64, r-oldrel-windows-x86_64