Last updated on 2022-08-13 16:49:28 CEST.
Flavor | Version | Tinstall | Tcheck | Ttotal | Status | Flags |
---|---|---|---|---|---|---|
r-devel-linux-x86_64-debian-clang | 1.0-11 | 6.09 | 133.97 | 140.06 | NOTE | |
r-devel-linux-x86_64-debian-gcc | 1.0-11 | 4.35 | 99.08 | 103.43 | NOTE | |
r-devel-linux-x86_64-fedora-clang | 1.0-11 | 163.39 | NOTE | |||
r-devel-linux-x86_64-fedora-gcc | 1.0-11 | 159.28 | NOTE | |||
r-devel-windows-x86_64 | 1.0-11 | 21.00 | 170.00 | 191.00 | NOTE | |
r-patched-linux-x86_64 | 1.0-11 | 5.10 | 122.08 | 127.18 | OK | |
r-release-linux-x86_64 | 1.0-11 | 4.61 | 131.00 | 135.61 | OK | |
r-release-macos-arm64 | 1.0-11 | 49.00 | OK | |||
r-release-macos-x86_64 | 1.0-11 | 78.00 | OK | |||
r-release-windows-x86_64 | 1.0-11 | 21.00 | 166.00 | 187.00 | OK | |
r-oldrel-macos-arm64 | 1.0-11 | 59.00 | OK | |||
r-oldrel-macos-x86_64 | 1.0-11 | 109.00 | OK | |||
r-oldrel-windows-ix86+x86_64 | 1.0-11 | 14.00 | 154.00 | 168.00 | OK |
Version: 1.0-11
Check: Rd files
Result: NOTE
checkRd: (-1) performance.Rd:35: Escaped LaTeX specials: \#
checkRd: (-1) performance.Rd:36: Escaped LaTeX specials: \# \# \#
checkRd: (-1) performance.Rd:37: Escaped LaTeX specials: \# \#
Flavors: r-devel-linux-x86_64-debian-clang, r-devel-linux-x86_64-debian-gcc, r-devel-linux-x86_64-fedora-clang, r-devel-linux-x86_64-fedora-gcc, r-devel-windows-x86_64