Last updated on 2024-04-24 00:55:57 CEST.
Flavor | Version | Tinstall | Tcheck | Ttotal | Status | Flags |
---|---|---|---|---|---|---|
r-devel-linux-x86_64-debian-clang | 0.0-4 | 3.16 | 28.91 | 32.07 | OK | |
r-devel-linux-x86_64-debian-gcc | 0.0-4 | 2.18 | 21.76 | 23.94 | OK | |
r-devel-linux-x86_64-fedora-clang | 0.0-4 | 39.72 | NOTE | |||
r-devel-linux-x86_64-fedora-gcc | 0.0-4 | 37.49 | OK | |||
r-prerel-macos-arm64 | 0.0-4 | 16.00 | OK | |||
r-prerel-windows-x86_64 | 0.0-4 | 3.00 | 44.00 | 47.00 | OK | |
r-patched-linux-x86_64 | 0.0-4 | 2.29 | 27.16 | 29.45 | OK | |
r-release-linux-x86_64 | 0.0-4 | 2.53 | 27.21 | 29.74 | OK | |
r-release-macos-arm64 | 0.0-4 | 18.00 | OK | |||
r-release-macos-x86_64 | 0.0-4 | 21.00 | OK | |||
r-release-windows-x86_64 | 0.0-4 | 3.00 | 44.00 | 47.00 | OK | |
r-oldrel-macos-arm64 | 0.0-4 | 16.00 | OK | |||
r-oldrel-windows-x86_64 | 0.0-4 | 4.00 | 49.00 | 53.00 | OK |
Version: 0.0-4
Check: Rd cross-references
Result: NOTE
Undeclared package ‘pROC’ in Rd xrefs
Flavor: r-devel-linux-x86_64-fedora-clang