CRAN Package Check Results for Package ROpenDota

Last updated on 2024-06-16 00:58:30 CEST.

Flavor Version Tinstall Tcheck Ttotal Status Flags
r-devel-linux-x86_64-debian-clang 0.1.2 2.96 31.25 34.21 NOTE
r-devel-linux-x86_64-debian-gcc 0.1.2 2.60 24.06 26.66 NOTE
r-devel-linux-x86_64-fedora-clang 0.1.2 42.79 NOTE
r-devel-linux-x86_64-fedora-gcc 0.1.2 40.55 NOTE
r-devel-windows-x86_64 0.1.2 4.00 46.00 50.00 NOTE
r-patched-linux-x86_64 0.1.2 3.65 30.17 33.82 NOTE
r-release-linux-x86_64 0.1.2 3.00 30.10 33.10 NOTE
r-release-macos-arm64 0.1.2 17.00 NOTE
r-release-macos-x86_64 0.1.2 25.00 NOTE
r-release-windows-x86_64 0.1.2 4.00 47.00 51.00 NOTE
r-oldrel-macos-arm64 0.1.2 23.00 NOTE
r-oldrel-macos-x86_64 0.1.2 23.00 NOTE
r-oldrel-windows-x86_64 0.1.2 4.00 49.00 53.00 NOTE

Check Details

Version: 0.1.2
Check: LazyData
Result: NOTE 'LazyData' is specified without a 'data' directory Flavors: r-devel-linux-x86_64-debian-clang, r-devel-linux-x86_64-debian-gcc, r-devel-linux-x86_64-fedora-clang, r-devel-linux-x86_64-fedora-gcc, r-devel-windows-x86_64, r-patched-linux-x86_64, r-release-linux-x86_64, r-release-macos-arm64, r-release-macos-x86_64, r-release-windows-x86_64, r-oldrel-macos-arm64, r-oldrel-macos-x86_64, r-oldrel-windows-x86_64