CRAN Package Check Results for Package ROpenWeatherMap

Last updated on 2024-06-18 08:55:35 CEST.

Flavor Version Tinstall Tcheck Ttotal Status Flags
r-devel-linux-x86_64-debian-clang 1.1 2.96 28.74 31.70 NOTE
r-devel-linux-x86_64-debian-gcc 1.1 2.38 22.42 24.80 NOTE
r-devel-linux-x86_64-fedora-clang 1.1 40.01 NOTE
r-devel-linux-x86_64-fedora-gcc 1.1 37.99 NOTE
r-devel-windows-x86_64 1.1 3.00 42.00 45.00 NOTE
r-patched-linux-x86_64 1.1 2.76 28.39 31.15 NOTE
r-release-linux-x86_64 1.1 2.13 28.93 31.06 NOTE
r-release-macos-arm64 1.1 14.00 NOTE
r-release-macos-x86_64 1.1 23.00 NOTE
r-release-windows-x86_64 1.1 4.00 43.00 47.00 NOTE
r-oldrel-macos-arm64 1.1 16.00 NOTE
r-oldrel-macos-x86_64 1.1 22.00 NOTE
r-oldrel-windows-x86_64 1.1 4.00 45.00 49.00 NOTE

Check Details

Version: 1.1
Check: LazyData
Result: NOTE 'LazyData' is specified without a 'data' directory Flavors: r-devel-linux-x86_64-debian-clang, r-devel-linux-x86_64-debian-gcc, r-devel-linux-x86_64-fedora-clang, r-devel-linux-x86_64-fedora-gcc, r-devel-windows-x86_64, r-patched-linux-x86_64, r-release-linux-x86_64, r-release-macos-arm64, r-release-macos-x86_64, r-release-windows-x86_64, r-oldrel-macos-arm64, r-oldrel-macos-x86_64, r-oldrel-windows-x86_64