Last updated on 2024-04-19 08:54:53 CEST.
Flavor | Version | Tinstall | Tcheck | Ttotal | Status | Flags |
---|---|---|---|---|---|---|
r-devel-linux-x86_64-debian-clang | 0.2.3 | 32.61 | 33.99 | 66.60 | NOTE | |
r-devel-linux-x86_64-debian-gcc | 0.2.3 | NOTE | ||||
r-devel-linux-x86_64-fedora-clang | 0.2.3 | 90.08 | NOTE | |||
r-devel-linux-x86_64-fedora-gcc | 0.2.3 | 86.31 | NOTE | |||
r-prerel-macos-arm64 | 0.2.3 | 25.00 | NOTE | |||
r-prerel-windows-x86_64 | 0.2.3 | 26.00 | 69.00 | 95.00 | NOTE | |
r-patched-linux-x86_64 | 0.2.3 | 26.07 | 31.66 | 57.73 | NOTE | |
r-release-linux-x86_64 | 0.2.3 | 28.69 | 32.81 | 61.50 | NOTE | |
r-release-macos-arm64 | 0.2.3 | 30.00 | NOTE | |||
r-release-macos-x86_64 | 0.2.3 | 45.00 | NOTE | |||
r-release-windows-x86_64 | 0.2.3 | 31.00 | 75.00 | 106.00 | NOTE | |
r-oldrel-macos-arm64 | 0.2.3 | 32.00 | OK | |||
r-oldrel-windows-x86_64 | 0.2.3 | 32.00 | 82.00 | 114.00 | OK |
Version: 0.2.3
Check: C++ specification
Result: NOTE
Specified C++11: please drop specification unless essential
Flavors: r-devel-linux-x86_64-debian-clang, r-devel-linux-x86_64-debian-gcc, r-devel-linux-x86_64-fedora-clang, r-devel-linux-x86_64-fedora-gcc, r-prerel-macos-arm64, r-prerel-windows-x86_64, r-patched-linux-x86_64, r-release-linux-x86_64, r-release-macos-arm64, r-release-macos-x86_64, r-release-windows-x86_64