Last updated on 2024-04-19 08:54:53 CEST.
Flavor | Version | Tinstall | Tcheck | Ttotal | Status | Flags |
---|---|---|---|---|---|---|
r-devel-linux-x86_64-debian-clang | 1.4.9 | 19.17 | 168.34 | 187.51 | OK | |
r-devel-linux-x86_64-debian-gcc | 1.4.9 | OK | ||||
r-devel-linux-x86_64-fedora-clang | 1.4.9 | 230.59 | NOTE | |||
r-devel-linux-x86_64-fedora-gcc | 1.4.9 | 249.56 | OK | |||
r-prerel-macos-arm64 | 1.4.9 | 69.00 | NOTE | |||
r-prerel-macos-x86_64 | 1.4.9 | 190.00 | NOTE | |||
r-prerel-windows-x86_64 | 1.4.9 | 19.00 | 154.00 | 173.00 | NOTE | |
r-patched-linux-x86_64 | 1.4.9 | 13.63 | 157.78 | 171.41 | OK | |
r-release-linux-x86_64 | 1.4.9 | 13.87 | 162.41 | 176.28 | OK | |
r-release-macos-arm64 | 1.4.9 | 73.00 | NOTE | |||
r-release-macos-x86_64 | 1.4.9 | 170.00 | NOTE | |||
r-release-windows-x86_64 | 1.4.9 | 25.00 | 180.00 | 205.00 | NOTE | |
r-oldrel-macos-arm64 | 1.4.9 | 71.00 | NOTE | |||
r-oldrel-windows-x86_64 | 1.4.9 | 25.00 | 181.00 | 206.00 | NOTE |
Version: 1.4.9
Check: installed package size
Result: NOTE
installed size is 5.4Mb
sub-directories of 1Mb or more:
extdata 4.5Mb
Flavors: r-devel-linux-x86_64-fedora-clang, r-prerel-macos-arm64, r-prerel-macos-x86_64, r-prerel-windows-x86_64, r-release-macos-arm64, r-release-macos-x86_64, r-release-windows-x86_64, r-oldrel-macos-arm64, r-oldrel-windows-x86_64