Last updated on 2023-06-08 08:55:32 CEST.
Flavor | Version | Tinstall | Tcheck | Ttotal | Status | Flags |
---|---|---|---|---|---|---|
r-devel-linux-x86_64-debian-clang | 1.4.7 | 22.40 | 171.90 | 194.30 | OK | |
r-devel-linux-x86_64-debian-gcc | 1.4.7 | 18.91 | 127.85 | 146.76 | OK | |
r-devel-linux-x86_64-fedora-clang | 1.4.7 | 258.26 | NOTE | |||
r-devel-linux-x86_64-fedora-gcc | 1.4.7 | 266.03 | OK | |||
r-devel-windows-x86_64 | 1.4.7 | 20.00 | 160.00 | 180.00 | NOTE | |
r-patched-linux-x86_64 | 1.4.7 | 25.04 | 163.41 | 188.45 | OK | |
r-release-linux-x86_64 | 1.4.7 | 16.36 | 159.16 | 175.52 | OK | |
r-release-macos-arm64 | 1.4.7 | 78.00 | NOTE | |||
r-release-macos-x86_64 | 1.4.7 | 109.00 | NOTE | |||
r-release-windows-x86_64 | 1.4.7 | 26.00 | 183.00 | 209.00 | NOTE | |
r-oldrel-macos-arm64 | 1.4.7 | 70.00 | NOTE | |||
r-oldrel-macos-x86_64 | 1.4.7 | 110.00 | NOTE | |||
r-oldrel-windows-x86_64 | 1.4.7 | 28.00 | 186.00 | 214.00 | NOTE |
Version: 1.4.7
Check: installed package size
Result: NOTE
installed size is 5.4Mb
sub-directories of 1Mb or more:
extdata 4.6Mb
Flavors: r-devel-linux-x86_64-fedora-clang, r-devel-windows-x86_64, r-release-macos-arm64, r-release-macos-x86_64, r-release-windows-x86_64, r-oldrel-macos-arm64, r-oldrel-macos-x86_64, r-oldrel-windows-x86_64