Last updated on 2023-12-05 08:55:38 CET.
Flavor | Version | Tinstall | Tcheck | Ttotal | Status | Flags |
---|---|---|---|---|---|---|
r-devel-linux-x86_64-debian-clang | 0.7-5 | 8.95 | 50.11 | 59.06 | WARN | |
r-devel-linux-x86_64-debian-gcc | 0.7-5 | 8.55 | 38.98 | 47.53 | WARN | |
r-devel-linux-x86_64-fedora-clang | 0.7-5 | 76.08 | WARN | |||
r-devel-linux-x86_64-fedora-gcc | 0.7-5 | 81.87 | WARN | |||
r-devel-windows-x86_64 | 0.7-5 | 79.00 | 69.00 | 148.00 | WARN | |
r-patched-linux-x86_64 | 0.7-5 | 12.33 | 49.64 | 61.97 | OK | |
r-release-linux-x86_64 | 0.7-5 | 9.35 | 49.56 | 58.91 | OK | |
r-release-macos-arm64 | 0.7-5 | 33.00 | OK | |||
r-release-macos-x86_64 | 0.7-5 | 52.00 | OK | |||
r-release-windows-x86_64 | 0.7-5 | 92.00 | 76.00 | 168.00 | OK | |
r-oldrel-macos-arm64 | 0.7-5 | 33.00 | OK | |||
r-oldrel-macos-x86_64 | 0.7-5 | 54.00 | OK | |||
r-oldrel-windows-x86_64 | 0.7-5 | 79.00 | 79.00 | 158.00 | OK |
Version: 0.7-5
Check: whether package can be installed
Result: WARN
Found the following significant warnings:
RS-pgsql-copy.c:305:81: warning: format specifies type 'char *' but the argument has type 'int' [-Wformat]
See ‘/home/hornik/tmp/R.check/r-devel-clang/Work/PKGS/RPostgreSQL.Rcheck/00install.out’ for details.
* used C compiler: ‘Debian clang version 17.0.5 (1)’
Flavor: r-devel-linux-x86_64-debian-clang
Version: 0.7-5
Check: whether package can be installed
Result: WARN
Found the following significant warnings:
RS-pgsql-copy.c:305:44: warning: format ‘%s’ expects argument of type ‘char *’, but argument 2 has type ‘int’ [-Wformat=]
See ‘/home/hornik/tmp/R.check/r-devel-gcc/Work/PKGS/RPostgreSQL.Rcheck/00install.out’ for details.
* used C compiler: ‘gcc-13 (Debian 13.2.0-7) 13.2.0’
Flavor: r-devel-linux-x86_64-debian-gcc
Version: 0.7-5
Check: whether package can be installed
Result: WARN
Found the following significant warnings:
RS-pgsql-copy.c:305:81: warning: format specifies type 'char *' but the argument has type 'int' [-Wformat]
See ‘/data/gannet/ripley/R/packages/tests-clang/RPostgreSQL.Rcheck/00install.out’ for details.
* used C compiler: ‘clang version 17.0.5’
Flavor: r-devel-linux-x86_64-fedora-clang
Version: 0.7-5
Check: whether package can be installed
Result: WARN
Found the following significant warnings:
RS-pgsql-copy.c:305:44: warning: format '%s' expects argument of type 'char *', but argument 2 has type 'int' [-Wformat=]
See ‘/data/gannet/ripley/R/packages/tests-devel/RPostgreSQL.Rcheck/00install.out’ for details.
* used C compiler: ‘gcc-13 (GCC) 13.2.0’
Flavor: r-devel-linux-x86_64-fedora-gcc
Version: 0.7-5
Check: whether package can be installed
Result: WARN
Found the following significant warnings:
RS-pgsql-copy.c:305:44: warning: format '%s' expects argument of type 'char *', but argument 2 has type 'int' [-Wformat=]
See 'd:/Rcompile/CRANpkg/local/4.4/RPostgreSQL.Rcheck/00install.out' for details.
* used C compiler: 'gcc.exe (GCC) 12.3.0'
Flavor: r-devel-windows-x86_64