Last updated on 2023-06-07 17:55:48 CEST.
Flavor | Version | Tinstall | Tcheck | Ttotal | Status | Flags |
---|---|---|---|---|---|---|
r-devel-linux-x86_64-debian-clang | 0.4.20 | 307.68 | 65.63 | 373.31 | OK | |
r-devel-linux-x86_64-debian-gcc | 0.4.20 | 234.07 | 50.99 | 285.06 | OK | |
r-devel-linux-x86_64-fedora-clang | 0.4.20 | 583.30 | OK | |||
r-devel-linux-x86_64-fedora-gcc | 0.4.20 | 600.61 | OK | |||
r-devel-windows-x86_64 | 0.4.20 | 199.00 | 201.00 | 400.00 | NOTE | |
r-patched-linux-x86_64 | 0.4.20 | 275.32 | 63.51 | 338.83 | OK | |
r-release-linux-x86_64 | 0.4.20 | 263.01 | 63.82 | 326.83 | OK | |
r-release-macos-arm64 | 0.4.20 | 126.00 | NOTE | |||
r-release-macos-x86_64 | 0.4.20 | 236.00 | NOTE | |||
r-release-windows-x86_64 | 0.4.20 | 217.00 | 195.00 | 412.00 | NOTE | |
r-oldrel-macos-arm64 | 0.4.20 | 118.00 | NOTE | |||
r-oldrel-macos-x86_64 | 0.4.20 | 188.00 | NOTE | |||
r-oldrel-windows-x86_64 | 0.4.20 | 267.00 | 186.00 | 453.00 | OK |
Version: 0.4.20
Check: C++ specification
Result: NOTE
Specified C++11: please drop specification unless essential
Flavors: r-devel-windows-x86_64, r-release-windows-x86_64
Version: 0.4.20
Check: installed package size
Result: NOTE
installed size is 36.2Mb
sub-directories of 1Mb or more:
libs 34.8Mb
Flavors: r-release-macos-arm64, r-release-macos-x86_64, r-oldrel-macos-arm64, r-oldrel-macos-x86_64