Last updated on 2024-04-23 01:06:30 CEST.
Flavor | Version | Tinstall | Tcheck | Ttotal | Status | Flags |
---|---|---|---|---|---|---|
r-devel-linux-x86_64-debian-clang | 0.4.22 | 335.59 | 69.86 | 405.45 | OK | |
r-devel-linux-x86_64-debian-gcc | 0.4.22 | 242.56 | 51.61 | 294.17 | OK | |
r-devel-linux-x86_64-fedora-clang | 0.4.22 | 593.11 | OK | |||
r-devel-linux-x86_64-fedora-gcc | 0.4.22 | 616.85 | OK | |||
r-prerel-macos-arm64 | 0.4.22 | 97.00 | NOTE | |||
r-prerel-windows-x86_64 | 0.4.22 | 367.00 | 184.00 | 551.00 | NOTE | |
r-patched-linux-x86_64 | 0.4.22 | 328.14 | 65.52 | 393.66 | OK | |
r-release-linux-x86_64 | 0.4.22 | 326.91 | 64.54 | 391.45 | OK | |
r-release-macos-arm64 | 0.4.22 | 127.00 | NOTE | |||
r-release-macos-x86_64 | 0.4.22 | 249.00 | NOTE | |||
r-release-windows-x86_64 | 0.4.22 | 387.00 | 218.00 | 605.00 | NOTE | |
r-oldrel-macos-arm64 | 0.4.22 | 131.00 | NOTE | |||
r-oldrel-windows-x86_64 | 0.4.22 | 304.00 | 169.00 | 473.00 | OK |
Version: 0.4.22
Check: installed package size
Result: NOTE
installed size is 33.3Mb
sub-directories of 1Mb or more:
libs 32.0Mb
Flavors: r-prerel-macos-arm64, r-prerel-windows-x86_64, r-release-macos-arm64, r-release-macos-x86_64, r-release-windows-x86_64, r-oldrel-macos-arm64