CRAN Package Check Results for Package RProtoBuf

Last updated on 2021-10-28 08:50:08 CEST.

Flavor Version Tinstall Tcheck Ttotal Status Flags
r-devel-linux-x86_64-debian-clang 0.4.17 256.40 69.91 326.31 OK
r-devel-linux-x86_64-debian-gcc 0.4.17 197.43 53.19 250.62 OK
r-devel-linux-x86_64-fedora-clang 0.4.17 537.43 NOTE
r-devel-linux-x86_64-fedora-gcc 0.4.17 479.76 OK
r-devel-windows-x86_64 0.4.17 338.00 117.00 455.00 OK
r-devel-windows-x86_64-gcc10-UCRT 0.4.17 OK
r-patched-linux-x86_64 0.4.17 240.26 66.18 306.44 OK
r-patched-solaris-x86 0.4.17 382.80 OK
r-release-linux-x86_64 0.4.17 231.07 66.32 297.39 OK
r-release-macos-arm64 0.4.17 NOTE
r-release-macos-x86_64 0.4.17 NOTE
r-release-windows-ix86+x86_64 0.4.17 510.00 156.00 666.00 NOTE
r-oldrel-macos-x86_64 0.4.17 NOTE
r-oldrel-windows-ix86+x86_64 0.4.17 521.00 152.00 673.00 NOTE

Check Details

Version: 0.4.17
Check: installed package size
Result: NOTE
     installed size is 9.4Mb
     sub-directories of 1Mb or more:
     libs 7.5Mb
Flavors: r-devel-linux-x86_64-fedora-clang, r-release-macos-arm64, r-release-macos-x86_64, r-release-windows-ix86+x86_64, r-oldrel-macos-x86_64, r-oldrel-windows-ix86+x86_64