Last updated on 2024-03-28 23:55:18 CET.
Flavor | Version | Tinstall | Tcheck | Ttotal | Status | Flags |
---|---|---|---|---|---|---|
r-devel-linux-x86_64-debian-clang | 0.1.5 | 25.02 | 80.97 | 105.99 | OK | |
r-devel-linux-x86_64-debian-gcc | 0.1.5 | 20.40 | 61.83 | 82.23 | OK | |
r-devel-linux-x86_64-fedora-clang | 0.1.5 | 138.66 | NOTE | |||
r-devel-linux-x86_64-fedora-gcc | 0.1.5 | 134.29 | OK | |||
r-devel-windows-x86_64 | 0.1.5 | 21.00 | 95.00 | 116.00 | OK | |
r-patched-linux-x86_64 | 0.1.5 | 25.34 | 79.38 | 104.72 | OK | |
r-release-linux-x86_64 | 0.1.5 | 22.26 | 79.67 | 101.93 | OK | |
r-release-macos-arm64 | 0.1.5 | 45.00 | OK | |||
r-release-macos-x86_64 | 0.1.5 | 68.00 | OK | |||
r-release-windows-x86_64 | 0.1.5 | 28.00 | 112.00 | 140.00 | OK | |
r-oldrel-macos-arm64 | 0.1.5 | 43.00 | OK | |||
r-oldrel-windows-x86_64 | 0.1.5 | 28.00 | 107.00 | 135.00 | OK |
Version: 0.1.5
Check: Rd cross-references
Result: NOTE
Undeclared package ‘scalreg’ in Rd xrefs
Flavor: r-devel-linux-x86_64-fedora-clang