CRAN Package Check Results for Package RQEntangle

Last updated on 2022-06-27 12:53:40 CEST.

Flavor Version Tinstall Tcheck Ttotal Status Flags
r-devel-linux-x86_64-debian-clang 0.1.3 2.36 44.59 46.95 NOTE
r-devel-linux-x86_64-debian-gcc 0.1.3 1.99 32.28 34.27 NOTE
r-devel-linux-x86_64-fedora-clang 0.1.3 64.72 NOTE
r-devel-linux-x86_64-fedora-gcc 0.1.3 67.29 NOTE
r-devel-windows-x86_64 0.1.3 27.00 78.00 105.00 NOTE
r-patched-linux-x86_64 0.1.3 2.16 41.78 43.94 NOTE
r-release-linux-x86_64 0.1.3 2.09 41.32 43.41 NOTE
r-release-macos-arm64 0.1.3 22.00 NOTE
r-release-macos-x86_64 0.1.3 31.00 NOTE
r-release-windows-x86_64 0.1.3 32.00 76.00 108.00 NOTE
r-oldrel-macos-arm64 0.1.3 30.00 NOTE
r-oldrel-macos-x86_64 0.1.3 48.00 NOTE
r-oldrel-windows-ix86+x86_64 0.1.3 6.00 70.00 76.00 NOTE

Check Details

Version: 0.1.3
Check: LazyData
Result: NOTE
     'LazyData' is specified without a 'data' directory
Flavors: r-devel-linux-x86_64-debian-clang, r-devel-linux-x86_64-debian-gcc, r-devel-linux-x86_64-fedora-clang, r-devel-linux-x86_64-fedora-gcc, r-devel-windows-x86_64, r-patched-linux-x86_64, r-release-linux-x86_64, r-release-macos-arm64, r-release-macos-x86_64, r-release-windows-x86_64, r-oldrel-macos-arm64, r-oldrel-macos-x86_64, r-oldrel-windows-ix86+x86_64