Last updated on 2024-04-26 08:55:12 CEST.
Flavor | Version | Tinstall | Tcheck | Ttotal | Status | Flags |
---|---|---|---|---|---|---|
r-devel-linux-x86_64-debian-clang | 0.1.3 | 1.77 | 54.43 | 56.20 | NOTE | |
r-devel-linux-x86_64-debian-gcc | 0.1.3 | 1.94 | 42.02 | 43.96 | NOTE | |
r-devel-linux-x86_64-fedora-clang | 0.1.3 | 75.00 | NOTE | |||
r-devel-linux-x86_64-fedora-gcc | 0.1.3 | 73.49 | NOTE | |||
r-devel-windows-x86_64 | 0.1.3 | 3.00 | 59.00 | 62.00 | NOTE | |
r-patched-linux-x86_64 | 0.1.3 | 2.76 | 53.59 | 56.35 | NOTE | |
r-release-linux-x86_64 | 0.1.3 | 2.37 | 51.02 | 53.39 | NOTE | |
r-release-macos-arm64 | 0.1.3 | 27.00 | NOTE | |||
r-release-windows-x86_64 | 0.1.3 | 3.00 | 59.00 | 62.00 | NOTE | |
r-oldrel-macos-arm64 | 0.1.3 | 29.00 | NOTE | |||
r-oldrel-macos-x86_64 | 0.1.3 | 39.00 | NOTE | |||
r-oldrel-windows-x86_64 | 0.1.3 | 3.00 | 64.00 | 67.00 | NOTE |
Version: 0.1.3
Check: LazyData
Result: NOTE
'LazyData' is specified without a 'data' directory
Flavors: r-devel-linux-x86_64-debian-clang, r-devel-linux-x86_64-debian-gcc, r-devel-linux-x86_64-fedora-clang, r-devel-linux-x86_64-fedora-gcc, r-devel-windows-x86_64, r-patched-linux-x86_64, r-release-linux-x86_64, r-release-macos-arm64, r-release-windows-x86_64, r-oldrel-macos-arm64, r-oldrel-macos-x86_64, r-oldrel-windows-x86_64