CRAN Package Check Results for Package RRPP

Last updated on 2021-10-22 00:50:39 CEST.

Flavor Version Tinstall Tcheck Ttotal Status Flags
r-devel-linux-x86_64-debian-clang 1.1.0 16.16 249.38 265.54 OK
r-devel-linux-x86_64-debian-gcc 1.1.0 11.47 177.70 189.17 OK
r-devel-linux-x86_64-fedora-clang 1.1.0 324.01 OK
r-devel-linux-x86_64-fedora-gcc 1.1.0 314.26 OK
r-devel-windows-x86_64 1.1.0 26.00 331.00 357.00 OK
r-devel-windows-x86_64-gcc10-UCRT 1.1.0 OK
r-patched-linux-x86_64 1.1.0 20.43 237.28 257.71 OK
r-patched-solaris-x86 1.1.0 446.40 OK
r-release-linux-x86_64 1.1.0 15.82 237.59 253.41 OK
r-release-macos-arm64 1.0.0 NOTE
r-release-macos-x86_64 1.1.0 OK
r-release-windows-ix86+x86_64 1.1.0 27.00 221.00 248.00 OK
r-oldrel-macos-x86_64 1.1.0 OK
r-oldrel-windows-ix86+x86_64 1.1.0 27.00 240.00 267.00 OK

Check Details

Version: 1.0.0
Check: dependencies in R code
Result: NOTE
    Namespace in Imports field not imported from: ‘Rcpp’
     All declared Imports should be used.
Flavor: r-release-macos-arm64