Last updated on 2024-03-27 23:59:56 CET.
Flavor | Version | Tinstall | Tcheck | Ttotal | Status | Flags |
---|---|---|---|---|---|---|
r-devel-linux-x86_64-debian-clang | 0.4-17 | 98.13 | 58.17 | 156.30 | OK | |
r-devel-linux-x86_64-debian-gcc | 0.4-17 | 82.21 | 42.91 | 125.12 | OK | |
r-devel-linux-x86_64-fedora-clang | 0.4-17 | 295.97 | OK | |||
r-devel-linux-x86_64-fedora-gcc | 0.4-17 | 225.91 | OK | |||
r-devel-windows-x86_64 | 0.4-17 | 95.00 | 112.00 | 207.00 | OK | |
r-patched-linux-x86_64 | 0.4-17 | 104.30 | 54.37 | 158.67 | OK | |
r-release-linux-x86_64 | 0.4-17 | 103.37 | 56.31 | 159.68 | OK | |
r-release-macos-arm64 | 0.4-17 | 75.00 | NOTE | |||
r-release-macos-x86_64 | 0.4-17 | 95.00 | NOTE | |||
r-release-windows-x86_64 | 0.4-17 | 93.00 | 111.00 | 204.00 | OK | |
r-oldrel-macos-arm64 | 0.4-17 | 69.00 | NOTE | |||
r-oldrel-windows-x86_64 | 0.4-17 | 111.00 | 98.00 | 209.00 | OK |
Version: 0.4-17
Check: installed package size
Result: NOTE
installed size is 7.2Mb
sub-directories of 1Mb or more:
libs 6.2Mb
Flavors: r-release-macos-arm64, r-release-macos-x86_64, r-oldrel-macos-arm64