CRAN Package Check Results for Package RStata

Last updated on 2023-12-08 00:52:07 CET.

Flavor Version Tinstall Tcheck Ttotal Status Flags
r-devel-linux-x86_64-debian-clang 1.1.1 1.97 21.67 23.64 NOTE
r-devel-linux-x86_64-debian-gcc 1.1.1 1.72 17.18 18.90 NOTE
r-devel-linux-x86_64-fedora-clang 1.1.1 30.24 NOTE
r-devel-linux-x86_64-fedora-gcc 1.1.1 28.89 NOTE
r-devel-windows-x86_64 1.1.1 3.00 38.00 41.00 NOTE
r-patched-linux-x86_64 1.1.1 1.93 20.24 22.17 NOTE
r-release-linux-x86_64 1.1.1 1.71 20.19 21.90 NOTE
r-release-macos-arm64 1.1.1 15.00 NOTE
r-release-macos-x86_64 1.1.1 19.00 NOTE
r-release-windows-x86_64 1.1.1 4.00 37.00 41.00 NOTE
r-oldrel-macos-arm64 1.1.1 16.00 NOTE
r-oldrel-macos-x86_64 1.1.1 20.00 NOTE
r-oldrel-windows-x86_64 1.1.1 4.00 43.00 47.00 NOTE

Check Details

Version: 1.1.1
Check: LazyData
Result: NOTE 'LazyData' is specified without a 'data' directory Flavors: r-devel-linux-x86_64-debian-clang, r-devel-linux-x86_64-debian-gcc, r-devel-linux-x86_64-fedora-clang, r-devel-linux-x86_64-fedora-gcc, r-devel-windows-x86_64, r-patched-linux-x86_64, r-release-linux-x86_64, r-release-macos-arm64, r-release-macos-x86_64, r-release-windows-x86_64, r-oldrel-macos-arm64, r-oldrel-macos-x86_64, r-oldrel-windows-x86_64