Last updated on 2024-04-26 00:56:32 CEST.
Flavor | Version | Tinstall | Tcheck | Ttotal | Status | Flags |
---|---|---|---|---|---|---|
r-devel-linux-x86_64-debian-clang | 0.4.0 | 192.30 | 598.76 | 791.06 | OK | |
r-devel-linux-x86_64-debian-gcc | 0.4.0 | 141.42 | 417.30 | 558.72 | OK | |
r-devel-linux-x86_64-fedora-clang | 1.0.0 | 834.30 | OK | |||
r-devel-linux-x86_64-fedora-gcc | 1.0.0 | 1001.68 | OK | |||
r-devel-windows-x86_64 | 0.4.0 | 147.00 | 424.00 | 571.00 | OK | |
r-patched-linux-x86_64 | 0.4.0 | 130.43 | 566.40 | 696.83 | OK | |
r-release-linux-x86_64 | 0.4.0 | 124.06 | 552.81 | 676.87 | OK | |
r-release-macos-arm64 | 1.0.0 | 228.00 | NOTE | |||
r-release-macos-x86_64 | 1.0.0 | 446.00 | NOTE | |||
r-release-windows-x86_64 | 0.4.0 | 138.00 | 413.00 | 551.00 | OK | |
r-oldrel-macos-arm64 | 1.0.0 | 256.00 | NOTE | |||
r-oldrel-macos-x86_64 | 1.0.0 | 454.00 | NOTE | |||
r-oldrel-windows-x86_64 | 0.4.0 | 182.00 | 543.00 | 725.00 | OK |
Version: 1.0.0
Check: installed package size
Result: NOTE
installed size is 5.9Mb
sub-directories of 1Mb or more:
external 1.6Mb
libs 3.8Mb
Flavors: r-release-macos-arm64, r-release-macos-x86_64, r-oldrel-macos-arm64, r-oldrel-macos-x86_64