Last updated on 2023-06-05 16:55:06 CEST.
Flavor | Version | Tinstall | Tcheck | Ttotal | Status | Flags |
---|---|---|---|---|---|---|
r-devel-linux-x86_64-debian-clang | 0.4.1 | 6.64 | 49.41 | 56.05 | NOTE | |
r-devel-linux-x86_64-debian-gcc | 0.4.1 | 5.40 | 37.66 | 43.06 | NOTE | |
r-devel-linux-x86_64-fedora-clang | 0.4.1 | 70.19 | NOTE | |||
r-devel-linux-x86_64-fedora-gcc | 0.4.1 | 80.88 | NOTE | |||
r-devel-windows-x86_64 | 0.4.1 | 8.00 | 59.00 | 67.00 | NOTE | |
r-patched-linux-x86_64 | 0.4.1 | 5.42 | 46.99 | 52.41 | NOTE | |
r-release-linux-x86_64 | 0.4.1 | 3.79 | 46.22 | 50.01 | NOTE | |
r-release-macos-arm64 | 0.4.1 | 36.00 | NOTE | |||
r-release-macos-x86_64 | 0.4.1 | 48.00 | NOTE | |||
r-release-windows-x86_64 | 0.4.1 | 9.00 | 66.00 | 75.00 | NOTE | |
r-oldrel-macos-arm64 | 0.4.1 | 32.00 | NOTE | |||
r-oldrel-macos-x86_64 | 0.4.1 | 55.00 | NOTE | |||
r-oldrel-windows-x86_64 | 0.4.1 | 10.00 | 66.00 | 76.00 | NOTE |
Version: 0.4.1
Check: LazyData
Result: NOTE
'LazyData' is specified without a 'data' directory
Flavors: r-devel-linux-x86_64-debian-clang, r-devel-linux-x86_64-debian-gcc, r-devel-linux-x86_64-fedora-clang, r-devel-linux-x86_64-fedora-gcc, r-devel-windows-x86_64, r-patched-linux-x86_64, r-release-linux-x86_64, r-release-macos-arm64, r-release-macos-x86_64, r-release-windows-x86_64, r-oldrel-macos-arm64, r-oldrel-macos-x86_64, r-oldrel-windows-x86_64