Last updated on 2024-03-27 23:59:56 CET.
Flavor | Version | Tinstall | Tcheck | Ttotal | Status | Flags |
---|---|---|---|---|---|---|
r-devel-linux-x86_64-debian-clang | 1.3.5 | 75.73 | 127.38 | 203.11 | OK | |
r-devel-linux-x86_64-debian-gcc | 1.3.5 | 59.56 | 98.89 | 158.45 | OK | |
r-devel-linux-x86_64-fedora-clang | 1.3.5 | 297.79 | NOTE | |||
r-devel-linux-x86_64-fedora-gcc | 1.3.5 | 269.42 | NOTE | |||
r-devel-windows-x86_64 | 1.3.5 | 65.00 | 142.00 | 207.00 | OK | |
r-patched-linux-x86_64 | 1.3.5 | 53.56 | 124.17 | 177.73 | OK | |
r-release-linux-x86_64 | 1.3.5 | 53.73 | 127.24 | 180.97 | OK | |
r-release-macos-arm64 | 1.3.5 | 72.00 | OK | |||
r-release-macos-x86_64 | 1.3.5 | 124.00 | OK | |||
r-release-windows-x86_64 | 1.3.5 | 82.00 | 187.00 | 269.00 | OK | |
r-oldrel-macos-arm64 | 1.3.5 | 79.00 | OK | |||
r-oldrel-windows-x86_64 | 1.3.5 | 83.00 | 174.00 | 257.00 | OK |
Version: 1.3.5
Check: package dependencies
Result: NOTE
Imports includes 23 non-default packages.
Importing from so many packages makes the package vulnerable to any of
them becoming unavailable. Move as many as possible to Suggests and
use conditionally.
Flavor: r-devel-linux-x86_64-fedora-clang
Version: 1.3.5
Check: data for non-ASCII characters
Result: NOTE
Note: found 50 marked UTF-8 strings
Flavors: r-devel-linux-x86_64-fedora-clang, r-devel-linux-x86_64-fedora-gcc