Last updated on 2024-04-24 00:55:57 CEST.
Flavor | Version | Tinstall | Tcheck | Ttotal | Status | Flags |
---|---|---|---|---|---|---|
r-devel-linux-x86_64-debian-clang | 0.4-46 | 11.49 | 114.13 | 125.62 | OK | |
r-devel-linux-x86_64-debian-gcc | 0.4-46 | 7.81 | 82.61 | 90.42 | OK | |
r-devel-linux-x86_64-fedora-clang | 0.4-46 | 153.27 | OK | |||
r-devel-linux-x86_64-fedora-gcc | 0.4-46 | 175.56 | OK | |||
r-prerel-macos-arm64 | 0.4-46 | 49.00 | OK | |||
r-prerel-windows-x86_64 | 0.4-46 | 8.00 | 109.00 | 117.00 | OK | |
r-patched-linux-x86_64 | 0.4-46 | 11.01 | 108.39 | 119.40 | OK | |
r-release-linux-x86_64 | 0.4-46 | 9.50 | 107.40 | 116.90 | OK | |
r-release-macos-arm64 | 0.4-46 | 58.00 | OK | |||
r-release-macos-x86_64 | 0.4-46 | 78.00 | NOTE | |||
r-release-windows-x86_64 | 0.4-46 | 11.00 | 119.00 | 130.00 | OK | |
r-oldrel-macos-arm64 | 0.4-46 | 51.00 | OK | |||
r-oldrel-windows-x86_64 | 0.4-46 | 11.00 | 118.00 | 129.00 | OK |
Version: 0.4-46
Check: package dependencies
Result: NOTE
Package suggested but not available for checking: ‘partykit’
Flavor: r-release-macos-x86_64
Version: 0.4-46
Check: Rd cross-references
Result: NOTE
Package unavailable to check Rd xrefs: ‘partykit’
Flavor: r-release-macos-x86_64