Last updated on 2023-06-04 08:57:21 CEST.
Flavor | Version | Tinstall | Tcheck | Ttotal | Status | Flags |
---|---|---|---|---|---|---|
r-devel-linux-x86_64-debian-clang | 3.9.3-2 | 4.71 | 28.01 | 32.72 | OK | |
r-devel-linux-x86_64-debian-gcc | 3.9.3-2 | 3.57 | 21.73 | 25.30 | OK | |
r-devel-linux-x86_64-fedora-clang | 3.9.3-2 | 43.37 | NOTE | |||
r-devel-linux-x86_64-fedora-gcc | 3.9.3-2 | 45.21 | OK | |||
r-devel-windows-x86_64 | 3.9.3-2 | 4.00 | 32.00 | 36.00 | NOTE | |
r-patched-linux-x86_64 | 3.9.3-2 | 5.08 | 27.24 | 32.32 | OK | |
r-release-linux-x86_64 | 3.9.3-2 | 4.88 | 27.94 | 32.82 | OK | |
r-release-macos-arm64 | 3.9.3-2 | 20.00 | NOTE | |||
r-release-macos-x86_64 | 3.9.3-2 | 28.00 | NOTE | |||
r-release-windows-x86_64 | 3.9.3-2 | 5.00 | 41.00 | 46.00 | NOTE | |
r-oldrel-macos-arm64 | 3.9.3-2 | 18.00 | NOTE | |||
r-oldrel-macos-x86_64 | 3.9.3-2 | 25.00 | NOTE | |||
r-oldrel-windows-x86_64 | 3.9.3-2 | 7.00 | 44.00 | 51.00 | NOTE |
Version: 3.9.3-2
Check: installed package size
Result: NOTE
installed size is 10.8Mb
sub-directories of 1Mb or more:
java 10.7Mb
Flavors: r-devel-linux-x86_64-fedora-clang, r-devel-windows-x86_64, r-release-macos-arm64, r-release-macos-x86_64, r-release-windows-x86_64, r-oldrel-macos-arm64, r-oldrel-macos-x86_64, r-oldrel-windows-x86_64