Last updated on 2023-06-02 16:57:16 CEST.
Flavor | Version | Tinstall | Tcheck | Ttotal | Status | Flags |
---|---|---|---|---|---|---|
r-devel-linux-x86_64-debian-clang | 0.9.3 | 9.52 | 110.75 | 120.27 | OK | |
r-devel-linux-x86_64-debian-gcc | 0.9.3 | 9.57 | 81.89 | 91.46 | OK | |
r-devel-linux-x86_64-fedora-clang | 0.9.3 | 152.26 | NOTE | |||
r-devel-linux-x86_64-fedora-gcc | 0.9.3 | 175.43 | NOTE | |||
r-devel-windows-x86_64 | 0.9.3 | 10.00 | 110.00 | 120.00 | OK | |
r-patched-linux-x86_64 | 0.9.3 | OK | ||||
r-release-linux-x86_64 | 0.9.3 | 7.01 | 107.27 | 114.28 | OK | |
r-release-macos-arm64 | 0.9.3 | 57.00 | OK | |||
r-release-macos-x86_64 | 0.9.3 | 85.00 | OK | |||
r-release-windows-x86_64 | 0.9.3 | 14.00 | 119.00 | 133.00 | OK | |
r-oldrel-macos-arm64 | 0.9.3 | 43.00 | NOTE | |||
r-oldrel-macos-x86_64 | 0.9.3 | 76.00 | NOTE | |||
r-oldrel-windows-x86_64 | 0.9.3 | 14.00 | 118.00 | 132.00 | OK |
Version: 0.9.3
Check: data for non-ASCII characters
Result: NOTE
Note: found 6 marked UTF-8 strings
Flavors: r-devel-linux-x86_64-fedora-clang, r-devel-linux-x86_64-fedora-gcc, r-oldrel-macos-arm64, r-oldrel-macos-x86_64