Last updated on 2023-06-05 09:54:12 CEST.
Flavor | Version | Tinstall | Tcheck | Ttotal | Status | Flags |
---|---|---|---|---|---|---|
r-devel-linux-x86_64-debian-clang | 5.0.5 | 9.70 | 75.48 | 85.18 | OK | |
r-devel-linux-x86_64-debian-gcc | 5.0.5 | 7.62 | 57.58 | 65.20 | OK | |
r-devel-linux-x86_64-fedora-clang | 5.0.5 | 110.93 | OK | |||
r-devel-linux-x86_64-fedora-gcc | 5.0.5 | 112.95 | OK | |||
r-devel-windows-x86_64 | 5.0.5 | 10.00 | 82.00 | 92.00 | OK | |
r-patched-linux-x86_64 | 5.0.5 | 6.92 | 71.95 | 78.87 | OK | |
r-release-linux-x86_64 | 5.0.5 | 5.45 | 70.74 | 76.19 | OK | |
r-release-macos-arm64 | 5.0.5 | 58.00 | OK | |||
r-release-macos-x86_64 | 5.0.5 | 73.00 | NOTE | |||
r-release-windows-x86_64 | 5.0.5 | 11.00 | 94.00 | 105.00 | OK | |
r-oldrel-macos-arm64 | 5.0.5 | 44.00 | OK | |||
r-oldrel-macos-x86_64 | 5.0.5 | 58.00 | OK | |||
r-oldrel-windows-x86_64 | 5.0.5 | 12.00 | 88.00 | 100.00 | OK |
Version: 5.0.5
Check: package dependencies
Result: NOTE
Package suggested but not available for checking: ‘cranly’
Flavor: r-release-macos-x86_64