Last updated on 2023-09-28 16:54:30 CEST.
Flavor | Version | Tinstall | Tcheck | Ttotal | Status | Flags |
---|---|---|---|---|---|---|
r-devel-linux-x86_64-debian-clang | 0.3.2 | 12.68 | 89.88 | 102.56 | OK | |
r-devel-linux-x86_64-debian-gcc | 0.3.2 | 9.19 | 67.32 | 76.51 | OK | |
r-devel-linux-x86_64-fedora-clang | 0.3.2 | 331.54 | NOTE | |||
r-devel-linux-x86_64-fedora-gcc | 0.3.2 | 141.69 | OK | |||
r-devel-windows-x86_64 | 0.3.2 | 16.00 | 163.00 | 179.00 | OK | |
r-patched-linux-x86_64 | 0.3.2 | 13.42 | 85.45 | 98.87 | OK | |
r-release-linux-x86_64 | 0.3.2 | 13.31 | 85.91 | 99.22 | OK | |
r-release-macos-arm64 | 0.3.2 | 56.00 | OK | |||
r-release-macos-x86_64 | 0.3.2 | 103.00 | OK | |||
r-release-windows-x86_64 | 0.3.2 | 21.00 | 107.00 | 128.00 | OK | |
r-oldrel-macos-arm64 | 0.3.2 | 52.00 | OK | |||
r-oldrel-macos-x86_64 | 0.3.2 | 58.00 | OK | |||
r-oldrel-windows-x86_64 | 0.3.2 | 18.00 | 105.00 | 123.00 | OK |
Version: 0.3.2
Check: installed package size
Result: NOTE
installed size is 8.4Mb
sub-directories of 1Mb or more:
exdata 2.4Mb
libs 4.2Mb
Flavor: r-devel-linux-x86_64-fedora-clang