CRAN Package Check Results for Package RaceID

Last updated on 2021-12-05 08:51:07 CET.

Flavor Version Tinstall Tcheck Ttotal Status Flags
r-devel-linux-x86_64-debian-clang 0.2.3 41.90 600.35 642.25 OK
r-devel-linux-x86_64-debian-gcc 0.2.3 35.18 416.38 451.56 OK
r-devel-linux-x86_64-fedora-clang 0.2.3 768.66 NOTE
r-devel-linux-x86_64-fedora-gcc 0.2.3 798.98 OK
r-devel-windows-x86_64-new-UL 0.2.3 77.00 700.00 777.00 NOTE
r-devel-windows-x86_64-new-TK 0.2.3 OK
r-devel-windows-x86_64-old 0.2.3 65.00 548.00 613.00 NOTE
r-patched-linux-x86_64 0.2.3 39.96 571.50 611.46 OK
r-release-linux-x86_64 0.2.3 38.02 578.42 616.44 OK
r-release-macos-arm64 0.2.3 NOTE
r-release-macos-x86_64 0.2.3 NOTE
r-release-windows-ix86+x86_64 0.2.3 103.00 893.00 996.00 NOTE
r-oldrel-macos-x86_64 0.2.3 NOTE
r-oldrel-windows-ix86+x86_64 0.2.3 103.00 888.00 991.00 NOTE

Check Details

Version: 0.2.3
Check: package dependencies
Result: NOTE
    Imports includes 22 non-default packages.
    Importing from so many packages makes the package vulnerable to any of
    them becoming unavailable. Move as many as possible to Suggests and
    use conditionally.
Flavor: r-devel-linux-x86_64-fedora-clang

Version: 0.2.3
Check: installed package size
Result: NOTE
     installed size is 9.6Mb
     sub-directories of 1Mb or more:
     data 2.1Mb
     doc 5.8Mb
     libs 1.0Mb
Flavors: r-devel-linux-x86_64-fedora-clang, r-devel-windows-x86_64-new-UL, r-devel-windows-x86_64-old, r-release-macos-arm64, r-release-macos-x86_64, r-release-windows-ix86+x86_64, r-oldrel-macos-x86_64, r-oldrel-windows-ix86+x86_64

Version: 0.2.3
Check: package dependencies
Result: NOTE
    Packages suggested but not available for checking:
     'batchelor', 'DESeq2', 'SummarizedExperiment'
Flavor: r-release-macos-arm64

Version: 0.2.3
Check: package dependencies
Result: NOTE
    Package suggested but not available for checking: ‘batchelor’
Flavors: r-release-macos-x86_64, r-oldrel-macos-x86_64