CRAN Package Check Results for Package RadData

Last updated on 2024-02-22 00:58:39 CET.

Flavor Version Tinstall Tcheck Ttotal Status Flags
r-devel-linux-x86_64-debian-clang 1.0.1 OK
r-devel-linux-x86_64-debian-gcc 1.0.1 9.78 19.87 29.65 OK
r-devel-linux-x86_64-fedora-clang 1.0.1 46.32 OK
r-devel-linux-x86_64-fedora-gcc 1.0.1 45.81 OK
r-devel-windows-x86_64 1.0.1 10.00 40.00 50.00 OK
r-patched-linux-x86_64 1.0.1 8.83 25.09 33.92 OK
r-release-linux-x86_64 1.0.1 8.86 24.67 33.53 OK
r-release-macos-arm64 1.0.1 25.00 NOTE
r-release-macos-x86_64 1.0.1 33.00 NOTE
r-release-windows-x86_64 1.0.1 9.00 43.00 52.00 OK
r-oldrel-macos-arm64 1.0.1 23.00 NOTE
r-oldrel-windows-x86_64 1.0.1 14.00 46.00 60.00 OK

Check Details

Version: 1.0.1
Check: installed package size
Result: NOTE installed size is 5.2Mb sub-directories of 1Mb or more: data 5.0Mb Flavors: r-release-macos-arm64, r-release-macos-x86_64, r-oldrel-macos-arm64