Last updated on 2023-06-08 08:55:30 CEST.
Flavor | Version | Tinstall | Tcheck | Ttotal | Status | Flags |
---|---|---|---|---|---|---|
r-devel-linux-x86_64-debian-clang | 0.2.0 | 19.23 | 143.41 | 162.64 | NOTE | |
r-devel-linux-x86_64-debian-gcc | 0.2.0 | 15.50 | 107.03 | 122.53 | NOTE | |
r-devel-linux-x86_64-fedora-clang | 0.2.0 | 204.73 | NOTE | |||
r-devel-linux-x86_64-fedora-gcc | 0.2.0 | 201.99 | NOTE | |||
r-devel-windows-x86_64 | 0.2.0 | 16.00 | 119.00 | 135.00 | NOTE | |
r-patched-linux-x86_64 | 0.2.0 | 17.43 | 135.31 | 152.74 | NOTE | |
r-release-linux-x86_64 | 0.2.0 | 11.51 | 132.87 | 144.38 | NOTE | |
r-release-macos-arm64 | 0.2.0 | 64.00 | NOTE | |||
r-release-macos-x86_64 | 0.2.0 | 105.00 | NOTE | |||
r-release-windows-x86_64 | 0.2.0 | 20.00 | 141.00 | 161.00 | NOTE | |
r-oldrel-macos-arm64 | 0.2.0 | 58.00 | NOTE | |||
r-oldrel-macos-x86_64 | 0.2.0 | 98.00 | NOTE | |||
r-oldrel-windows-x86_64 | 0.2.0 | 22.00 | 144.00 | 166.00 | NOTE |
Version: 0.2.0
Check: LazyData
Result: NOTE
'LazyData' is specified without a 'data' directory
Flavors: r-devel-linux-x86_64-debian-clang, r-devel-linux-x86_64-debian-gcc, r-devel-linux-x86_64-fedora-clang, r-devel-linux-x86_64-fedora-gcc, r-devel-windows-x86_64, r-patched-linux-x86_64, r-release-linux-x86_64, r-release-macos-arm64, r-release-macos-x86_64, r-release-windows-x86_64, r-oldrel-macos-arm64, r-oldrel-macos-x86_64, r-oldrel-windows-x86_64