CRAN Package Check Results for Package RandPro

Last updated on 2023-06-02 18:52:53 CEST.

Flavor Version Tinstall Tcheck Ttotal Status Flags
r-devel-linux-x86_64-debian-clang 0.2.2 15.25 133.49 148.74 NOTE
r-devel-linux-x86_64-debian-gcc 0.2.2 12.68 98.87 111.55 NOTE
r-devel-linux-x86_64-fedora-clang 0.2.2 185.38 NOTE
r-devel-linux-x86_64-fedora-gcc 0.2.2 197.52 NOTE
r-devel-windows-x86_64 0.2.2 14.00 112.00 126.00 NOTE
r-patched-linux-x86_64 0.2.2 NOTE
r-release-linux-x86_64 0.2.2 10.65 122.23 132.88 NOTE
r-release-macos-arm64 0.2.2 53.00 NOTE
r-release-macos-x86_64 0.2.2 90.00 NOTE
r-release-windows-x86_64 0.2.2 18.00 129.00 147.00 NOTE
r-oldrel-macos-arm64 0.2.2 52.00 NOTE
r-oldrel-macos-x86_64 0.2.2 88.00 NOTE
r-oldrel-windows-x86_64 0.2.2 19.00 130.00 149.00 NOTE

Check Details

Version: 0.2.2
Check: LazyData
Result: NOTE
     'LazyData' is specified without a 'data' directory
Flavors: r-devel-linux-x86_64-debian-clang, r-devel-linux-x86_64-debian-gcc, r-devel-linux-x86_64-fedora-clang, r-devel-linux-x86_64-fedora-gcc, r-devel-windows-x86_64, r-patched-linux-x86_64, r-release-linux-x86_64, r-release-macos-arm64, r-release-macos-x86_64, r-release-windows-x86_64, r-oldrel-macos-arm64, r-oldrel-macos-x86_64, r-oldrel-windows-x86_64