CRAN Package Check Results for Package RanglaPunjab

Last updated on 2021-09-28 01:49:34 CEST.

Flavor Version Tinstall Tcheck Ttotal Status Flags
r-devel-linux-x86_64-debian-clang 2.3.4 10.34 75.99 86.33 NOTE
r-devel-linux-x86_64-debian-gcc 2.3.4 7.90 57.35 65.25 NOTE
r-devel-linux-x86_64-fedora-clang 2.3.4 111.00 NOTE
r-devel-linux-x86_64-fedora-gcc 2.3.4 98.09 NOTE
r-devel-windows-x86_64 2.3.4 12.00 71.00 83.00 NOTE
r-devel-windows-x86_64-gcc10-UCRT 2.3.4 NOTE
r-patched-linux-x86_64 2.3.4 9.45 70.93 80.38 NOTE
r-patched-solaris-x86 2.3.4 144.60 NOTE
r-release-linux-x86_64 2.3.4 9.82 70.59 80.41 NOTE
r-release-macos-arm64 2.3.4 NOTE
r-release-macos-x86_64 2.3.4 NOTE
r-release-windows-ix86+x86_64 2.3.4 24.00 98.00 122.00 NOTE
r-oldrel-macos-x86_64 2.3.4 OK
r-oldrel-windows-ix86+x86_64 2.3.4 17.00 72.00 89.00 OK

Check Details

Version: 2.3.4
Check: LazyData
Result: NOTE
     'LazyData' is specified without a 'data' directory
Flavors: r-devel-linux-x86_64-debian-clang, r-devel-linux-x86_64-debian-gcc, r-devel-linux-x86_64-fedora-clang, r-devel-linux-x86_64-fedora-gcc, r-devel-windows-x86_64, r-devel-windows-x86_64-gcc10-UCRT, r-patched-linux-x86_64, r-patched-solaris-x86, r-release-linux-x86_64, r-release-macos-arm64, r-release-macos-x86_64, r-release-windows-ix86+x86_64