Last updated on 2024-03-28 15:49:57 CET.
Flavor | Version | Tinstall | Tcheck | Ttotal | Status | Flags |
---|---|---|---|---|---|---|
r-devel-linux-x86_64-debian-clang | 1.0.0 | 2.89 | 40.58 | 43.47 | OK | |
r-devel-linux-x86_64-debian-gcc | 1.0.0 | 2.33 | 30.39 | 32.72 | OK | |
r-devel-linux-x86_64-fedora-clang | 1.0.0 | 55.23 | NOTE | |||
r-devel-linux-x86_64-fedora-gcc | 1.0.0 | 52.71 | NOTE | |||
r-devel-windows-x86_64 | 1.0.0 | 4.00 | 53.00 | 57.00 | OK | |
r-patched-linux-x86_64 | 1.0.0 | 3.11 | 39.82 | 42.93 | OK | |
r-release-linux-x86_64 | 1.0.0 | 3.12 | 38.74 | 41.86 | OK | |
r-release-macos-arm64 | 1.0.0 | 20.00 | OK | |||
r-release-macos-x86_64 | 1.0.0 | 43.00 | OK | |||
r-release-windows-x86_64 | 1.0.0 | 5.00 | 59.00 | 64.00 | OK | |
r-oldrel-macos-arm64 | 1.0.0 | 21.00 | OK | |||
r-oldrel-windows-x86_64 | 1.0.0 | 5.00 | 58.00 | 63.00 | OK |
Version: 1.0.0
Check: data for non-ASCII characters
Result: NOTE
Note: found 15 marked UTF-8 strings
Flavors: r-devel-linux-x86_64-fedora-clang, r-devel-linux-x86_64-fedora-gcc