Last updated on 2024-03-28 23:55:16 CET.
Flavor | Version | Tinstall | Tcheck | Ttotal | Status | Flags |
---|---|---|---|---|---|---|
r-devel-linux-x86_64-debian-clang | 2.3.0 | 30.95 | 258.08 | 289.03 | OK | |
r-devel-linux-x86_64-debian-gcc | 2.3.0 | 25.38 | 190.44 | 215.82 | OK | |
r-devel-linux-x86_64-fedora-clang | 2.3.0 | 372.71 | OK | |||
r-devel-linux-x86_64-fedora-gcc | 2.3.0 | 357.22 | OK | |||
r-devel-windows-x86_64 | 2.3.0 | 25.00 | 177.00 | 202.00 | OK | |
r-patched-linux-x86_64 | 2.3.0 | 22.40 | 243.39 | 265.79 | OK | |
r-release-linux-x86_64 | 2.3.0 | 19.44 | 250.16 | 269.60 | OK | |
r-release-macos-arm64 | 2.3.0 | 9.00 | ERROR | |||
r-release-macos-x86_64 | 2.3.0 | 7.00 | ERROR | |||
r-release-windows-x86_64 | 2.3.0 | 36.00 | 222.00 | 258.00 | OK | |
r-oldrel-macos-arm64 | 2.2.0 | 89.00 | OK | |||
r-oldrel-windows-x86_64 | 2.2.0 | 34.00 | 236.00 | 270.00 | OK |
Version: 2.3.0
Check: package dependencies
Result: ERROR
Packages required and available but unsuitable versions:
'GenomicRanges', 'IRanges'
See section ‘The DESCRIPTION file’ in the ‘Writing R Extensions’
manual.
Flavors: r-release-macos-arm64, r-release-macos-x86_64