Last updated on 2023-11-30 16:49:34 CET.
Flavor | Version | Tinstall | Tcheck | Ttotal | Status | Flags |
---|---|---|---|---|---|---|
r-devel-linux-x86_64-debian-clang | 1.0.0 | 44.00 | 28.19 | 72.19 | OK | |
r-devel-linux-x86_64-debian-gcc | 1.0.0 | 35.01 | 21.86 | 56.87 | OK | |
r-devel-linux-x86_64-fedora-clang | 1.0.0 | 102.86 | OK | |||
r-devel-linux-x86_64-fedora-gcc | 1.0.0 | 114.39 | OK | |||
r-devel-windows-x86_64 | 1.0.0 | 34.00 | 74.00 | 108.00 | OK | |
r-patched-linux-x86_64 | 1.0.0 | 42.27 | 27.92 | 70.19 | OK | |
r-release-linux-x86_64 | 1.0.0 | 39.23 | 28.09 | 67.32 | OK | |
r-release-macos-arm64 | 1.0.0 | 37.00 | NOTE | |||
r-release-macos-x86_64 | 1.0.0 | 48.00 | NOTE | |||
r-release-windows-x86_64 | 1.0.0 | 44.00 | 72.00 | 116.00 | OK | |
r-oldrel-macos-arm64 | 1.0.0 | 33.00 | NOTE | |||
r-oldrel-macos-x86_64 | 1.0.0 | 38.00 | NOTE | |||
r-oldrel-windows-x86_64 | 1.0.0 | 43.00 | 72.00 | 115.00 | OK |
Version: 1.0.0
Check: installed package size
Result: NOTE
installed size is 13.1Mb
sub-directories of 1Mb or more:
libs 13.0Mb
Flavors: r-release-macos-arm64, r-release-macos-x86_64, r-oldrel-macos-arm64, r-oldrel-macos-x86_64