CRAN Package Check Results for Package RationalMatrix

Last updated on 2023-05-28 23:14:07 CEST.

Flavor Version Tinstall Tcheck Ttotal Status Flags
r-devel-linux-x86_64-debian-clang 1.0.0 43.72 28.46 72.18 OK
r-devel-linux-x86_64-debian-gcc 1.0.0 35.95 22.16 58.11 OK
r-devel-linux-x86_64-fedora-clang 1.0.0 101.80 OK
r-devel-linux-x86_64-fedora-gcc 1.0.0 112.66 OK
r-devel-windows-x86_64 1.0.0 35.00 66.00 101.00 OK
r-patched-linux-x86_64 1.0.0 37.16 27.61 64.77 OK
r-release-linux-x86_64 1.0.0 36.71 27.11 63.82 OK
r-release-macos-arm64 1.0.0 37.00 NOTE
r-release-macos-x86_64 1.0.0 48.00 NOTE
r-release-windows-x86_64 1.0.0 44.00 73.00 117.00 OK
r-oldrel-macos-arm64 1.0.0 33.00 NOTE
r-oldrel-macos-x86_64 1.0.0 38.00 NOTE
r-oldrel-windows-x86_64 1.0.0 43.00 71.00 114.00 OK

Check Details

Version: 1.0.0
Check: installed package size
Result: NOTE
     installed size is 13.1Mb
     sub-directories of 1Mb or more:
     libs 13.0Mb
Flavors: r-release-macos-arm64, r-release-macos-x86_64, r-oldrel-macos-arm64, r-oldrel-macos-x86_64